{"id":14,"date":"2011-03-14T02:08:55","date_gmt":"2011-03-14T00:08:55","guid":{"rendered":"http:\/\/cadredidactice.ub.ro\/timirascatalina\/?page_id=14"},"modified":"2016-05-31T07:49:55","modified_gmt":"2016-05-31T05:49:55","slug":"teme-lucrari-licenta-disertatie","status":"publish","type":"page","link":"https:\/\/cadredidactice.ub.ro\/timirascatalina\/teme-lucrari-licenta-disertatie\/","title":{"rendered":"Teme lucr\u0103ri licen\u0163\u0103 \/ diserta\u0163ie"},"content":{"rendered":"<p>&nbsp;<\/p>\n<p><strong><span lang=\"RO\">TEMATICA PROPUS\u0102 PENTRU EXAMENUL DE LICEN\u0162\u0102, SPECIALIZAREA \u201eMARKETING\u201d<\/span><\/strong><\/p>\n<ol style=\"margin-top: 0in\" type=\"1\">\n<li class=\"MsoNormal\"><span lang=\"RO\">Analiza pie\u0163ei produsului \/ \u00eentreprinderii&#8230;&#8230;&#8230;&#8230;&#8230;&#8230;&#8230;&#8230;&#8230; utiliz\u00e2nd surse de date secundare<\/span><\/li>\n<li class=\"MsoNormal\"><span lang=\"RO\">Elaborarea \u015fi opera\u0163ionalizarea programului cercet\u0103rii de marketing. Aplica\u0163ie practic\u0103 la&#8230;&#8230;&#8230;. \/ pentru produsul&#8230;&#8230;&#8230;&#8230;&#8230;&#8230;&#8230;&#8230;&#8230;&#8230;&#8230;&#8230;.<\/span><\/li>\n<li class=\"MsoNormal\"><span lang=\"RO\">Politica de produs \u00een marketingul agroalimentar. Studiu de caz la \u00eentreprinderea&#8230;&#8230;&#8230;&#8230;..:<\/span><\/li>\n<li class=\"MsoNormal\"><span lang=\"RO\">Politica de pre\u0163 \u00een marketingul agroalimentar. Studiu de caz la \u00eentreprinderea&#8230;&#8230;&#8230;&#8230;..:<\/span><\/li>\n<li class=\"MsoNormal\"><span lang=\"RO\">Politica de distribu\u0163ie \u00een marketingul agroalimentar. Studiu de caz la \u00eentreprinderea&#8230;&#8230;&#8230;&#8230;..:<\/span><\/li>\n<li class=\"MsoNormal\"><span lang=\"RO\">Politica de comunicare \u00een marketingul agroalimentar. Studiu de caz la \u00eentreprinderea&#8230;&#8230;&#8230;&#8230;..:<\/span><\/li>\n<\/ol>\n<p>&nbsp;<\/p>\n<p><strong><span lang=\"RO\">TEMATICA PROPUS\u0102 PENTRU EXAMENUL DE DISERTA\u0162IE, SPECIALIZAREA \u201eMARKETING \u015eI COMUNICARE \u00ceN AFACERI\u201d<br \/>\n<\/span><\/strong><\/p>\n<ol style=\"margin-top: 0in\" type=\"1\">\n<li class=\"MsoNormal\"><span lang=\"RO\">Cercetarea gradului de satisfac\u0163ie a consumatorilor. Aplica\u0163ie practic\u0103 la &#8230;&#8230;&#8230;&#8230;\/ pentru &#8230;&#8230;&#8230;&#8230;&#8230;&#8230;&#8230;.<\/span><\/li>\n<li class=\"MsoNormal\"><span lang=\"RO\">Cercetarea comportamentului consumatorului pentru produsul \/ sreviciul .. &#8230;&#8230;&#8230;&#8230;&#8230;&#8230;&#8230;&#8230;&#8230;.<\/span><\/li>\n<li class=\"MsoNormal\"><span lang=\"RO\">Cercetarea atitudinii consumatorilor pentru produsul \/ serviciul&#8230;&#8230;&#8230;&#8230;&#8230;&#8230;&#8230;&#8230;&#8230;&#8230;.<\/span><\/li>\n<li class=\"MsoNormal\"><span lang=\"RO\">Cercetarea inten\u0163iilor de cump\u0103rare pentru produsul \/ serviciul&#8230;&#8230;&#8230;&#8230;&#8230;&#8230;&#8230;&#8230;..<\/span><\/li>\n<li class=\"MsoNormal\"><span lang=\"RO\">Studierea imaginii produsului\/serviciului &#8230;&#8230;&#8230;&#8230;&#8230;&#8230;&#8230;&#8230;&#8230;&#8230;&#8230;&#8230;.. \u00een r\u00e2ndul consumatorilor<\/span><\/li>\n<li class=\"MsoNormal\"><span lang=\"RO\">Influen\u0163a variabilelor socio-economice \u015fi demografice asupra deciziei de cump\u0103rare a produselor \/ serviciilor&#8230;&#8230;&#8230;&#8230;&#8230;&#8230;&#8230;&#8230;&#8230;&#8230;&#8230;&#8230;&#8230;.<\/span><\/li>\n<li class=\"MsoNormal\"><span lang=\"RO\">Tendin\u0163e \u00eenregistrate la nivelul pie\u0163ei produsului \/ grupei de produse&#8230;&#8230;&#8230;&#8230;&#8230;&#8230;&#8230;&#8230;la nivel na\u0163ional \/ european<\/span><\/li>\n<li class=\"MsoNormal\"><span lang=\"RO\">Utilizarea surselor de date secundare \u00een investigarea fenomenelor de marketing. Studiu de caz la&#8230;&#8230;&#8230; \/ pentru &#8230;&#8230;&#8230;&#8230;&#8230;&#8230;&#8230;&#8230;<\/span><\/li>\n<li class=\"MsoNormal\"><span lang=\"RO\">Utilizarea metodelor de scalare \u00een investigarea fenomenelor de marketing. Aplica\u0163ie practic\u0103 pentru cercetarea&#8230;&#8230;&#8230;&#8230;&#8230;&#8230;..<\/span><\/li>\n<li class=\"MsoNormal\"><span lang=\"RO\">Utilizarea observ\u0103rii \u00een investigarea fenomenelor de marketing. Aplica\u0163ie practic\u0103 pentru cercetarea&#8230;&#8230;&#8230;&#8230;&#8230;&#8230;..<\/span><\/li>\n<li class=\"MsoNormal\"><span lang=\"RO\">Utilizarea cercet\u0103rilor calitative \u00een investigarea fenomenelor de marketing. Aplica\u0163ie practic\u0103 pentru studierea&#8230;&#8230;&#8230;&#8230;&#8230;&#8230;..<\/span><\/li>\n<\/ol>\n","protected":false},"excerpt":{"rendered":"<p>&nbsp; TEMATICA PROPUS\u0102 PENTRU EXAMENUL DE LICEN\u0162\u0102, SPECIALIZAREA \u201eMARKETING\u201d Analiza pie\u0163ei produsului \/ \u00eentreprinderii&#8230;&#8230;&#8230;&#8230;&#8230;&#8230;&#8230;&#8230;&#8230; utiliz\u00e2nd surse de date secundare Elaborarea \u015fi opera\u0163ionalizarea programului cercet\u0103rii de marketing. Aplica\u0163ie practic\u0103 la&#8230;&#8230;&#8230;. \/ pentru produsul&#8230;&#8230;&#8230;&#8230;&#8230;&#8230;&#8230;&#8230;&#8230;&#8230;&#8230;&#8230;. Politica de produs \u00een marketingul agroalimentar. Studiu de caz la \u00eentreprinderea&#8230;&#8230;&#8230;&#8230;..: Politica de pre\u0163 \u00een marketingul agroalimentar. Studiu de caz la \u00eentreprinderea&#8230;&#8230;&#8230;&#8230;..: Politica [&hellip;]<\/p>\n","protected":false},"author":157,"featured_media":0,"parent":0,"menu_order":0,"comment_status":"closed","ping_status":"closed","template":"","meta":{"footnotes":""},"class_list":["post-14","page","type-page","status-publish","hentry"],"_links":{"self":[{"href":"https:\/\/cadredidactice.ub.ro\/timirascatalina\/wp-json\/wp\/v2\/pages\/14","targetHints":{"allow":["GET"]}}],"collection":[{"href":"https:\/\/cadredidactice.ub.ro\/timirascatalina\/wp-json\/wp\/v2\/pages"}],"about":[{"href":"https:\/\/cadredidactice.ub.ro\/timirascatalina\/wp-json\/wp\/v2\/types\/page"}],"author":[{"embeddable":true,"href":"https:\/\/cadredidactice.ub.ro\/timirascatalina\/wp-json\/wp\/v2\/users\/157"}],"replies":[{"embeddable":true,"href":"https:\/\/cadredidactice.ub.ro\/timirascatalina\/wp-json\/wp\/v2\/comments?post=14"}],"version-history":[{"count":1,"href":"https:\/\/cadredidactice.ub.ro\/timirascatalina\/wp-json\/wp\/v2\/pages\/14\/revisions"}],"predecessor-version":[{"id":85,"href":"https:\/\/cadredidactice.ub.ro\/timirascatalina\/wp-json\/wp\/v2\/pages\/14\/revisions\/85"}],"wp:attachment":[{"href":"https:\/\/cadredidactice.ub.ro\/timirascatalina\/wp-json\/wp\/v2\/media?parent=14"}],"curies":[{"name":"wp","href":"https:\/\/api.w.org\/{rel}","templated":true}]}}