{"id":2,"date":"2009-03-17T11:02:59","date_gmt":"2009-03-17T09:02:59","guid":{"rendered":""},"modified":"2009-03-17T13:53:16","modified_gmt":"2009-03-17T11:53:16","slug":"about","status":"publish","type":"page","link":"https:\/\/cadredidactice.ub.ro\/tatianadobrescu\/about\/","title":{"rendered":"Despre"},"content":{"rendered":"<p>\u00a0<\/p>\n<p>\u2022\u00a0Este profesor universitar doctor la Facultatea de \u015etiin\u0163e ale Mi\u015fc\u0103rii, Sportului \u015fi S\u0103n\u0103t\u0103\u0163ii din Bac\u0103u din anul 2008<br \/>\n\u2022\u00a0s-a n\u0103scut \u00een localitatea S\u0103b\u0103oani, jude\u0163ul Neam\u0163,<\/p>\n<p><a href=\"https:\/\/cadredidactice.ub.ro\/wp-content\/uploads\/sites\/14\/2009\/03\/pic-039.jpg\"><img loading=\"lazy\" decoding=\"async\" class=\"size-medium wp-image-6  alignright\" src=\"https:\/\/cadredidactice.ub.ro\/wp-content\/uploads\/sites\/14\/2009\/03\/pic-039-300x225.jpg\" alt=\"\" width=\"300\" height=\"225\" \/><\/a>\u2022\u00a0a fost component\u0103 a sec\u0163iei de gimnastic\u0103 artistic\u0103 la Sport Club Bac\u0103u timp de 11 ani, contribuind la ob\u0163inerea unor rezultate prestigioase,\u00a0<br \/>\n\u2022\u00a0din anul 1993 s-a dedicat carierei universitare dup\u0103 ocuparea prin concurs a postului de lector universitar la disciplina gimnastic\u0103,<br \/>\n\u2022\u00a0i s-a conferit titlul de Doctor \u00een domeniul\u00a0 fundamental Arte, domeniul Educa\u0163ie Fizic\u0103 \u015fi Sport la Universitatea din Pite\u015fti unde a finalizat studiile doctorale,<br \/>\n\u2022\u00a0este membr\u0103 a Catedrei de Sporturi Individuale,\u00a0 pred\u0103 bazele teoretice\u00a0 \u015fi metodice din gimnastica de baz\u0103, artistic\u0103, ritmic\u0103, aerobic\u0103, dans sportiv \u015fi folcloric.<br \/>\n\u2022\u00a0Este expert evaluator la ARACIS \u015fi CNBISR<br \/>\n\u2022\u00a0Este secretar \u015ftiin\u0163ific al F\u015eMSS din anul 2008;<br \/>\n\u2022\u00a0A elaborat 14 c\u0103r\u0163i \u015fi cursuri \u00een edituri acreditate, a publicat 30 de lucr\u0103ri \u015ftiin\u0163ifice \u00een reviste de specialitate acreditate de tip BDI, B+, B, C, D \u015fi 25 de articole \u00een proceeding-uri ale conferin\u0163elor interna\u0163ionale, a partivipat la peste 40 de manifest\u0103ri \u015ftiin\u0163ifice interne \u015fi interna\u0163ionale.<br \/>\n\u2022\u00a0Este membr\u0103 a C\u015eSR, Asocia\u0163ia de Algeziologie \u015fi ECSS;<br \/>\n\u2022\u00a0Este arbitru federal al FRG, Comisia de gimnastic\u0103 aerobic\u0103 &#8211; din 2001 p\u00e2n\u0103 \u00een prezent;<br \/>\n\u2022\u00a0A ini\u0163iat \u00eenfiin\u0163area sec\u0163iei de sport aerobic la C.S. Universitatea Bac\u0103u \u015fi a participat la 5 edi\u0163ii ale Campionatelor Na\u0163ionale de Gimnastic\u0103 Aerobic\u0103 (1 medalie aur, 1 medalie argint, 3 medalii bronz) \u015fi 2 edi\u0163ii ale Campionatelor Na\u0163ionale Universitare de Gimnastic\u0103 Aerobic\u0103 (4 medalii de aur, 1 de argint, 1 de bronz).<br \/>\n\u2022\u00a0A fost cooptat\u0103 \u00een 12\u00a0 \u00een comisii de doctorat la IOSUD Universitatea Pite\u015fti;<br \/>\n\u2022\u00a0Este membr\u0103 a Consiliului pentru cercetare \u015ftiin\u0163ific\u0103 \u015fi rela\u0163ii interna\u0163ionale a Universit\u0103\u0163ii Bac\u0103u\u00a0 \u015fi a Comitetului \u015ftiin\u0163ific pe facultate<br \/>\n\u2022\u00a0A ini\u0163iat \u015fi participat la organizarea primei conferin\u0163e interna\u0163ionale a F\u015eMSS \u015fi este editor \u015fef \u00een colectivul de redac\u0163ie al Revistei de specialitate Gymnasium.<\/p>\n<p><a href=\"https:\/\/cadredidactice.ub.ro\/wp-content\/uploads\/sites\/14\/2009\/03\/dobrescu-tatiana-cv-bun.pdf\">Curricullum Vitae<\/a><\/p>\n<p><a href=\"https:\/\/cadredidactice.ub.ro\/wp-content\/uploads\/sites\/14\/2009\/03\/pic-039.jpg\"><\/a><\/p>\n<p><a href=\"https:\/\/cadredidactice.ub.ro\/wp-content\/uploads\/sites\/14\/2009\/03\/dobrescu-tatiana-lista-lucrarilor-ok.pdf\">Lista Lucr\u0103rilor<\/a><\/p>\n<p><a href=\"https:\/\/cadredidactice.ub.ro\/wp-content\/uploads\/sites\/14\/2009\/03\/pic-039.jpg\"><\/a><\/p>\n","protected":false},"excerpt":{"rendered":"<p>\u00a0 \u2022\u00a0Este profesor universitar doctor la Facultatea de \u015etiin\u0163e ale Mi\u015fc\u0103rii, Sportului \u015fi S\u0103n\u0103t\u0103\u0163ii din Bac\u0103u din anul 2008 \u2022\u00a0s-a n\u0103scut \u00een localitatea S\u0103b\u0103oani, jude\u0163ul Neam\u0163, \u2022\u00a0a fost component\u0103 a sec\u0163iei de gimnastic\u0103 artistic\u0103 la Sport Club Bac\u0103u timp de &hellip;<\/p>\n<p class=\"read-more\"><a href=\"https:\/\/cadredidactice.ub.ro\/tatianadobrescu\/about\/\">Continue reading<\/a><\/p>\n","protected":false},"author":12,"featured_media":0,"parent":0,"menu_order":0,"comment_status":"open","ping_status":"open","template":"","meta":{"footnotes":""},"class_list":["post-2","page","type-page","status-publish","hentry"],"_links":{"self":[{"href":"https:\/\/cadredidactice.ub.ro\/tatianadobrescu\/wp-json\/wp\/v2\/pages\/2","targetHints":{"allow":["GET"]}}],"collection":[{"href":"https:\/\/cadredidactice.ub.ro\/tatianadobrescu\/wp-json\/wp\/v2\/pages"}],"about":[{"href":"https:\/\/cadredidactice.ub.ro\/tatianadobrescu\/wp-json\/wp\/v2\/types\/page"}],"author":[{"embeddable":true,"href":"https:\/\/cadredidactice.ub.ro\/tatianadobrescu\/wp-json\/wp\/v2\/users\/12"}],"replies":[{"embeddable":true,"href":"https:\/\/cadredidactice.ub.ro\/tatianadobrescu\/wp-json\/wp\/v2\/comments?post=2"}],"version-history":[{"count":0,"href":"https:\/\/cadredidactice.ub.ro\/tatianadobrescu\/wp-json\/wp\/v2\/pages\/2\/revisions"}],"wp:attachment":[{"href":"https:\/\/cadredidactice.ub.ro\/tatianadobrescu\/wp-json\/wp\/v2\/media?parent=2"}],"curies":[{"name":"wp","href":"https:\/\/api.w.org\/{rel}","templated":true}]}}