{"id":3,"date":"2011-03-10T03:13:05","date_gmt":"2011-03-10T01:13:05","guid":{"rendered":"http:\/\/cadredidactice.ub.ro\/tampuralucaioana\/?page_id=3"},"modified":"2011-03-15T13:18:39","modified_gmt":"2011-03-15T11:18:39","slug":"info-contact","status":"publish","type":"page","link":"https:\/\/cadredidactice.ub.ro\/tampuralucaioana\/info-contact\/","title":{"rendered":"Info \/ Contact"},"content":{"rendered":"<div class=\"post\">\n<div class=\"postContent\">\n<p><img loading=\"lazy\" decoding=\"async\" class=\"alignleft\" src=\"http:\/\/cisapm.inginerie.ub.ro\/images\/stories\/poze_cisapm\/chirita_raluca.jpg\" alt=\"\" width=\"156\" height=\"203\" \/><\/p>\n<h1><strong>Bine a\u0163i venit!<\/strong><\/h1>\n<p style=\"text-align: left;padding-left: 180px\"><strong>Pe pagina mea  personal\u0103, m\u0103 numesc T\u00e2mpu Raluca-Ioana doctor inginer cu func\u021bia asistent la Universitatea \u201cVasile Alecsandri\u201d din Bac\u0103u, Facultatea  de Inginerie, Departamentul Chimia \u015fi Ingineria Siguran\u021bei Alimentare \u015fi Protec\u021biei Mediului (CISAPM). <\/strong><\/p>\n<p style=\"text-align: left;padding-left: 180px\"><strong>Discipline \u00een predarea c\u0103rora sunt implicat\u0103: acest semestru ne putem \u00eent\u00e2lni la laboratorul de microbiologie, cel de electrochimie \u0219i cel de tehnologie \u0219i utilaj \u00een industria fermentativ\u0103.<br \/>\n<\/strong><\/p>\n<p style=\"padding-left: 120px\"><strong><br \/>\n<\/strong><\/p>\n<p><strong>Citat preferat:<\/strong><\/p>\n<blockquote><p><strong><span style=\"color: #ff0000\"><em><span>&#8222;La curiosit\u00e9 m\u00e8ne \u00e0 tout : parfois \u00e0 \u00e9couter aux portes, parfois \u00e0 d\u00e9couvrir l&#8217;Am\u00e9rique.&#8221;<\/span><\/em><\/span><\/strong><\/p>\n<p style=\"padding-left: 300px\"><strong><span style=\"color: #ff0000\"><em><span>Jos\u00e9 Maria E\u00e7a de Queiros<\/span><\/em><\/span><\/strong><\/p>\n<\/blockquote>\n<ul>\n<li>\n<h3>Date despre mine:<\/h3>\n<\/li>\n<\/ul>\n<address><strong>CV <\/strong>&#8211; <a title=\"CV Tampu Raluca-Ioana\" href=\"https:\/\/cadredidactice.ub.ro\/wp-content\/uploads\/sites\/145\/2011\/03\/cv-ul-bun-raluca-pag-web.pdf\" target=\"_blank\">dr. Ing.Tampu Raluca-Ioana<br \/>\n<\/a><\/address>\n<address> <\/address>\n<ul>\n<li>\n<h3>Contact:<\/h3>\n<\/li>\n<\/ul>\n<address><strong>Tel:<\/strong> <em>004-0234-542411\/int. 148;<\/em><br \/>\n<strong>Fax:<\/strong> <em>004-0234-545753; 0234-580170<\/em><br \/>\n<strong>E-mail: <\/strong><a title=\"E-mail Tampu Raluca-Ioana\" href=\"mailto:tampu.raluca@ub.ro\" target=\"_blank\">tampu.raluca@ub.ro<\/a><\/address>\n<address><strong>Webpage: <\/strong><a title=\"Webpage Tampu Raluca-Ioana\" href=\"http:\/\/cadredidactice.ub.ro\/tampuralucaioana\" target=\"_blank\">http:\/\/cadredidactice.ub.ro\/tampuralucaioana<\/a><\/address>\n<address> <\/address>\n<address> <\/address>\n<ul>\n<li>\n<h3 style=\"padding-left: 60px\">Sala:\u00a0\u00a0 AI 5<\/h3>\n<\/li>\n<\/ul>\n<\/div>\n<p class=\"comments\">\n<\/div>\n","protected":false},"excerpt":{"rendered":"<p>Bine a\u0163i venit! Pe pagina mea personal\u0103, m\u0103 numesc T\u00e2mpu Raluca-Ioana doctor inginer cu func\u021bia asistent la Universitatea \u201cVasile Alecsandri\u201d din Bac\u0103u, Facultatea de Inginerie, Departamentul Chimia \u015fi Ingineria Siguran\u021bei Alimentare \u015fi Protec\u021biei Mediului (CISAPM). Discipline \u00een predarea c\u0103rora sunt &hellip;<\/p>\n<p class=\"read-more\"><a href=\"https:\/\/cadredidactice.ub.ro\/tampuralucaioana\/info-contact\/\">Continue reading<\/a><\/p>\n","protected":false},"author":134,"featured_media":0,"parent":0,"menu_order":0,"comment_status":"open","ping_status":"open","template":"","meta":{"footnotes":""},"class_list":["post-3","page","type-page","status-publish","hentry"],"_links":{"self":[{"href":"https:\/\/cadredidactice.ub.ro\/tampuralucaioana\/wp-json\/wp\/v2\/pages\/3","targetHints":{"allow":["GET"]}}],"collection":[{"href":"https:\/\/cadredidactice.ub.ro\/tampuralucaioana\/wp-json\/wp\/v2\/pages"}],"about":[{"href":"https:\/\/cadredidactice.ub.ro\/tampuralucaioana\/wp-json\/wp\/v2\/types\/page"}],"author":[{"embeddable":true,"href":"https:\/\/cadredidactice.ub.ro\/tampuralucaioana\/wp-json\/wp\/v2\/users\/134"}],"replies":[{"embeddable":true,"href":"https:\/\/cadredidactice.ub.ro\/tampuralucaioana\/wp-json\/wp\/v2\/comments?post=3"}],"version-history":[{"count":0,"href":"https:\/\/cadredidactice.ub.ro\/tampuralucaioana\/wp-json\/wp\/v2\/pages\/3\/revisions"}],"wp:attachment":[{"href":"https:\/\/cadredidactice.ub.ro\/tampuralucaioana\/wp-json\/wp\/v2\/media?parent=3"}],"curies":[{"name":"wp","href":"https:\/\/api.w.org\/{rel}","templated":true}]}}