{"id":86,"date":"2015-10-22T08:47:48","date_gmt":"2015-10-22T06:47:48","guid":{"rendered":"http:\/\/cadredidactice.ub.ro\/popacristina\/?page_id=86"},"modified":"2015-12-03T22:17:48","modified_gmt":"2015-12-03T20:17:48","slug":"curriculum-vitae","status":"publish","type":"page","link":"https:\/\/cadredidactice.ub.ro\/popacristina\/curriculum-vitae\/","title":{"rendered":"Curriculum Vitae"},"content":{"rendered":"<p>Nume \u015fi prenume\t\tPopa Cristina-Elena<br \/>\nAdres\u0103<br \/>\nTelefon<br \/>\nFax\t\t&#8211;<br \/>\nE-mail \t\tpopa_cristina_kineto@yahoo.com <\/p>\n<p>Na\u0163ionalitate\t\tRom\u00e2n\u0103<\/p>\n<p>Data na\u015fterii\t\t09.03.1984<\/p>\n<p>EXPERIEN\u0162\u0102 PROFESIONAL\u0102 <\/p>\n<p>\u2022 Data \t\t2007- 2015<br \/>\n\u2022 Numele \u015fi adresa angajatorului\t\t<\/p>\n<p>    Universitatea \u201eVasile Alecsandri\u201d din Bac\u0103u, Facultatea de \u015etiin\u0163e ale Mi\u015fc\u0103rii, Sportului \u015fi S\u0103n\u0103t\u0103\u0163ii, Departamentul de Kinetoterapie \u015fi Terapie Ocupa\u0163ional\u0103<br \/>\n\u2022 Tipul activit\u0103\u0163ii sau sectorul de activitate\t\tUniversitar<br \/>\n\u2022 Func\u0163ia sau postul ocupat\t\tPreparator universitar<br \/>\n\u2022 Principalele activit\u0103\u0163i \u015fi responsabilit\u0103\u0163i\t\tActivitate didactic\u0103 \u015fi de cercetare<br \/>\n\u2022 Data \t\t2015<br \/>\n\u2022 Numele \u015fi adresa angajatorului\t\tUniversitatea \u201eVasile Alecsandri\u201d din Bac\u0103u, Facultatea de \u015etiin\u0163e ale Mi\u015fc\u0103rii, Sportului \u015fi S\u0103n\u0103t\u0103\u0163ii, Departamentul de Kinetoterapie \u015fi Terapie Ocupa\u0163ional\u0103<br \/>\n\u2022 Tipul activit\u0103\u0163ii sau sectorul de activitate\t\tUniversitar<br \/>\n\u2022 Func\u0163ia sau postul ocupat\t\tAsistent universitar doctor<br \/>\n\u2022 Principalele activit\u0103\u0163i \u015fi responsabilit\u0103\u0163i\t\tActivitate didactic\u0103 \u015fi de cercetare<\/p>\n<p>EDUCA\u0162IE \u015eI FORMARE<br \/>\n\u2022 Perioada \t\t2013<br \/>\n\u2022 Numele \u015fi tipul institu\u0163iei de \u00eenv\u0103\u0163\u0103m\u00e2nt \u015fi al organiza\u0163iei prin care s-a realizat formarea profesional\u0103\t\tUniversitatea \u201eSpiru Haret\u201d \u00een parteneriat cu Academia Comercial\u0103 din Satu Mare \u015fi TUV Austria, \u00een cadrul proiectului POSDRU \u201eDezvoltarea \u015fi implementarea unui sistem de monitorizare, \u00eembun\u0103t\u0103\u0163ire continu\u0103 \u015fi evaluare a calit\u0103\u0163ii \u00een \u00eenv\u0103\u0163\u0103m\u00e2ntul superior deschis \u015fi la distan\u0163\u0103 pe baza indicatorilor de performan\u0163\u0103 \u015fi standardelor interna\u0163ionale de calitate\u201d<br \/>\n\u2022 Domeniul studiat \/ aptitudini ocupa\u0163ionale\t\tProgramul de formare \u015fi con\u015ftientizare \u00een asigurarea calit\u0103\u0163ii \u00een \u00cenv\u0103\u0163\u0103m\u00e2ntul la Distan\u0163\u0103 &#8211; ID<br \/>\n\u2022 Tipul calific\u0103rii \/ diploma ob\u0163inut\u0103\t\tCertificat de absolvire<br \/>\n\u2022 Nivelul de clasificare a formei de instruire \/ \u00eenv\u0103\u0163\u0103m\u00e2nt\t\tProiect European<\/p>\n<p>EDUCA\u0162IE \u015eI FORMARE<br \/>\n\u2022 Perioada \t\t14-18 decembrie 2013<br \/>\n\u2022 Numele \u015fi tipul institu\u0163iei de \u00eenv\u0103\u0163\u0103m\u00e2nt \u015fi al organiza\u0163iei prin care s-a realizat formarea profesional\u0103\t\tUniversitatea \u201eSpiru Haret\u201d \u00een parteneriat cu Universitatea Na\u0163ional\u0103 de Ap\u0103rare \u201eCarol I\u201d \u015fi Pluri Consultants Rom\u00e2nia, \u00een cadrul proiectului POSDRU, \u201eCalitate \u00een \u00cenv\u0103\u0163\u0103m\u00e2ntul Superior\u201d<br \/>\n\u2022 Domeniul studiat \/ aptitudini ocupa\u0163ionale\t\tAuditor \u00een domeniul calita\u0163ii<br \/>\n\u2022 Tipul calific\u0103rii \/ diploma ob\u0163inut\u0103\t\tCertificat de absolvire<br \/>\n\u2022 Nivelul de clasificare a formei de instruire \/ \u00eenv\u0103\u0163\u0103m\u00e2nt\t\tProiect European<\/p>\n<p>EDUCA\u0162IE \u015eI FORMARE<br \/>\n\u2022 Perioada \t\t27 octombrie \u2013 03.noiembrie 2013<br \/>\n\u2022 Numele \u015fi tipul institu\u0163iei de \u00eenv\u0103\u0163\u0103m\u00e2nt \u015fi al organiza\u0163iei prin care s-a realizat formarea profesional\u0103\t\tSocietarea Rom\u00e2n\u0103 de Yumeiho<br \/>\n\u2022 Domeniul studiat \/ aptitudini ocupa\u0163ionale\t\t&#8211; Terapeut Yumeiho<br \/>\n\u2022 Tipul calific\u0103rii \/ diploma ob\u0163inut\u0103\t\tCertificat de absolvire a stagiului de perfec\u0163ionare \u00een Terapia Yumeiho<br \/>\n\u2022 Nivelul de clasificare a formei de instruire \/ \u00eenv\u0103\u0163\u0103m\u00e2nt\t\tCurs postuniversitar<\/p>\n<p>EDUCA\u0162IE \u015eI FORMARE<br \/>\n\u2022 Perioada \t\t01.februarie \u2013 30 august 2013<br \/>\n\u2022 Numele \u015fi tipul institu\u0163iei de \u00eenv\u0103\u0163\u0103m\u00e2nt \u015fi al organiza\u0163iei prin care s-a realizat formarea profesional\u0103\t\tAsocia\u0163ia Sindrom Down Bac\u0103u<br \/>\n\u2022 Domeniul studiat \/ aptitudini ocupa\u0163ionale\t\t&#8211; Instructor kinetoterapeut \u00een proiectul european \u201eNutri\u0163ie pentru s\u0103n\u0103tate\u201d finan\u0163at de Comisia European\u0103 prin programul Tineret \u00een Ac\u0163iune 1.2 Ini\u0163iative ale Tinerilor<br \/>\n&#8211; Realizarea unei bro\u015furi \u00een scop educativ<br \/>\n\u2022 Tipul calific\u0103rii \/ diploma ob\u0163inut\u0103\t\tCertificat pentru \u00eendrumarea acordat\u0103 voluntarilor proiectului<br \/>\nDiplom\u0103 de participare<br \/>\n\u2022 Nivelul de clasificare a formei de instruire \/ \u00eenv\u0103\u0163\u0103m\u00e2nt\t\tProiect European<\/p>\n<p>EDUCA\u0162IE \u015eI FORMARE<br \/>\n\u2022 Perioada \t\t22 aprilie \u2013 28 aprilie 2013<br \/>\n\u2022 Numele \u015fi tipul institu\u0163iei de \u00eenv\u0103\u0163\u0103m\u00e2nt \u015fi al organiza\u0163iei prin care s-a realizat formarea profesional\u0103\t\tSocietarea Rom\u00e2n\u0103 de Yumeiho<br \/>\n\u2022 Domeniul studiat \/ aptitudini ocupa\u0163ionale\t\t&#8211; Terapeut Yumeiho<br \/>\n\u2022 Tipul calific\u0103rii \/ diploma ob\u0163inut\u0103\t\tCertificat de absolvire a cursului de ini\u0163iere \u00een Terapia Yumeiho<br \/>\n\u2022 Nivelul de clasificare a formei de instruire \/ \u00eenv\u0103\u0163\u0103m\u00e2nt\t\tCurs postuniversitar<\/p>\n<p>EDUCA\u0162IE \u015eI FORMARE<br \/>\n\u2022 Perioada \t\t2012<br \/>\n\u2022 Numele \u015fi tipul institu\u0163iei de \u00eenv\u0103\u0163\u0103m\u00e2nt \u015fi al organiza\u0163iei prin care s-a realizat formarea profesional\u0103\t\tFunda\u0163ia Motivation Rom\u00e2nia<\/p>\n<p>\u2022 Domeniul studiat \/ aptitudini ocupa\u0163ionale\t\tInstruire privind \u201eFurnizarea scaunelor rulante cu antrenare manual\u0103\u201d<br \/>\n\u2022 Tipul calific\u0103rii \/ diploma ob\u0163inut\u0103\t\tDiplom\u0103 de participare<br \/>\n\u2022 Nivelul de clasificare a formei de instruire \/ \u00eenv\u0103\u0163\u0103m\u00e2nt\t\tSeminar postuniversitar<\/p>\n<p>\u2022 Perioada \t\t2011-2013<br \/>\n\u2022 Numele \u015fi tipul institu\u0163iei de \u00eenv\u0103\u0163\u0103m\u00e2nt \u015fi al organiza\u0163iei prin care s-a realizat formarea profesional\u0103\t\tUniversitatea \u201eVasile Alecsandri\u201d din Bac\u0103u<br \/>\n\u2022 Domeniul studiat \/ aptitudini ocupa\u0163ionale\t\tDomeniul Psihologie, Terapie Ocupa\u0163ional\u0103<br \/>\n\u2022 Tipul calific\u0103rii \/ diploma ob\u0163inut\u0103\t\tCursant al proiectului POSTDRU\/86\/1.2\/S\/63545 \u201eTerapia Ocupa\u0163ional\u0103 \u015fi ingineria aplicat\u0103 \u00een echipamente pentru reabilitare \u015fi tehnologie asistiv\u0103-specializ\u0103ri universitare europene, nou introduse \u00een Rom\u00e2nia, pentru o societate bazat\u0103 pe cunoa\u015ftere \u015fi egalitate de \u015fanse\u201d<br \/>\n\u2022 Nivelul de clasificare a formei de instruire \/ \u00eenv\u0103\u0163\u0103m\u00e2nt\t\tStudii postuniversitare<\/p>\n<p>\u2022 Perioada \t\t2015<br \/>\n\u2022 Numele \u015fi tipul institu\u0163iei de \u00eenv\u0103\u0163\u0103m\u00e2nt \u015fi al organiza\u0163iei prin care s-a realizat formarea profesional\u0103\t\tUniversitatea \u201eAl.Ioan Cuza\u201d Ia\u015fi<br \/>\n\u2022 Domeniul studiat \/ aptitudini ocupa\u0163ionale\t\tFacultatea de Biologie, Specializarea Genetic\u0103<br \/>\n\u2022 Tipul calific\u0103rii \/ diploma ob\u0163inut\u0103\t\tDoctor<br \/>\n\u2022 Nivelul de clasificare a formei de instruire \/ \u00eenv\u0103\u0163\u0103m\u00e2nt\t\tDoctorat\t<\/p>\n<p>\u2022 Perioada \t\t2009<br \/>\n\u2022 Numele \u015fi tipul institu\u0163iei de \u00eenv\u0103\u0163\u0103m\u00e2nt \u015fi al organiza\u0163iei prin care s-a realizat formarea profesional\u0103\t\tUniversitatea \u201eVasile Alecsandri\u201d din Bac\u0103u, Facultatea de \u015etiin\u0163e ale Mi\u015fc\u0103rii, Sportului \u015fi S\u0103n\u0103t\u0103\u0163ii<br \/>\n\u2022 Domeniul studiat \/ aptitudini ocupa\u0163ionale\t\tMasterat \u201eRecuperarea sechelelor posttraumatice ale \u0163esutului cutanat \u015fi subcutanat\u201d<br \/>\n\u2022 Tipul calific\u0103rii \/ diploma ob\u0163inut\u0103\t\tDiplom\u0103 de master<br \/>\n\u2022 Nivelul de clasificare a formei de instruire \/ \u00eenv\u0103\u0163\u0103m\u00e2nt\t\tMasterat postuniversitar<\/p>\n<p>\u2022 Perioada \t\t2009<br \/>\n\u2022 Numele \u015fi tipul institu\u0163iei de \u00eenv\u0103\u0163\u0103m\u00e2nt \u015fi al organiza\u0163iei prin care s-a realizat formarea profesional\u0103\t\tUniversitatea \u201eVasile Alecsandri\u201d din Bac\u0103u<br \/>\n\u2022 Domeniul studiat \/ aptitudini ocupa\u0163ionale\t\t\u201cDocumentarea, implementarea \u015fi \u00eembun\u0103t\u0103\u0163irea sistemului de management al calit\u0103\u0163ii \u00een procesul educa\u0163ional \u015fi de cercetare \u015ftiin\u0163ific\u0103\u201d<br \/>\n\u2022 Tipul calific\u0103rii \/ diploma ob\u0163inut\u0103\t\tDiplom\u0103 de participare<br \/>\n\u2022 Nivelul de clasificare a formei de instruire \/ \u00eenv\u0103\u0163\u0103m\u00e2nt\t\tCurs postuniversitar<\/p>\n<p>\u2022 Perioada \t\t2008<br \/>\n\u2022 Numele \u015fi tipul institu\u0163iei de \u00eenv\u0103\u0163\u0103m\u00e2nt \u015fi al organiza\u0163iei prin care s-a realizat formarea profesional\u0103\t\tUniversitatea \u201eVasile Alecsandri\u201d din Bac\u0103u<br \/>\n\u2022 Domeniul studiat \/ aptitudini ocupa\u0163ionale\t\tDepartamentul Pentru Preg\u0103tirea Personalului Didactic<br \/>\n\u2022 Tipul calific\u0103rii \/ diploma ob\u0163inut\u0103\t\tCertificat de absolvire<br \/>\n\u2022 Nivelul de clasificare a formei de instruire \/ \u00eenv\u0103\u0163\u0103m\u00e2nt\t\tStudii postuniversitare<\/p>\n<p>\u2022 Perioada \t\t2008<br \/>\n\u2022 Numele \u015fi tipul institu\u0163iei de \u00eenv\u0103\u0163\u0103m\u00e2nt \u015fi al organiza\u0163iei prin care s-a realizat formarea profesional\u0103\t\tUniversitatea \u201eVasile Alecsandri\u201d din Bac\u0103u, Facultatea de \u015etiin\u0163e ale Mi\u015fc\u0103rii, Sportului \u015fi S\u0103n\u0103t\u0103\u0163ii, Departamentul de Kinetoterapie \u015fi Terapie Ocupa\u0163ional\u0103<br \/>\n\u2022 Domeniul studiat \/ aptitudini ocupa\u0163ionale\t\tcurs \u201dLevees de Tension Musculaires, Massage Manipulation Specifique Decontracturans Post-traumatique ou Confort\/ Detente\u201d (Tehnici Miotensive), de kinetototerapeutul Sandrine Monnet, Ecole de Kinesitherapie CHU de Grenoble, France<br \/>\n\u2022 Tipul calific\u0103rii \/ diploma ob\u0163inut\u0103\t\tDiplom\u0103 de absolvire<br \/>\n\u2022 Nivelul de clasificare a formei de instruire \/ \u00eenv\u0103\u0163\u0103m\u00e2nt\t\tCurs postuniversitar<\/p>\n<p>\u2022 Perioada \t\t2008<br \/>\n\u2022 Numele \u015fi tipul institu\u0163iei de \u00eenv\u0103\u0163\u0103m\u00e2nt \u015fi al organiza\u0163iei prin care s-a realizat formarea profesional\u0103\t\tUniversitatea \u201eVasile Alecsandri\u201d din Bac\u0103u, Facultatea de \u015etiin\u0163e ale Mi\u015fc\u0103rii, Sportului \u015fi S\u0103n\u0103t\u0103\u0163ii, Departamentul de Kinetoterapie \u015fi Terapie Ocupa\u0163ional\u0103<br \/>\n\u2022 Domeniul studiat \/ aptitudini ocupa\u0163ionale\t\tOrthopaedic Medicine,\u201dSuccessfully attended the course on clinical reasoning, diagnosis and treatment of soft tissue lesions, updated orthopaedic medicine (Cyriax), module: Lumbar Spine\u201d (Manipul\u0103ri vertebrale), sus\u0163inut de Dr. Steven De Coninck, Pre\u015fedinte \u201eETGOM\u201d Europa<br \/>\n\u2022 Tipul calific\u0103rii \/ diploma ob\u0163inut\u0103\t\tCertificat de absolvire<br \/>\n\u2022 Nivelul de clasificare a formei de instruire \/ \u00eenv\u0103\u0163\u0103m\u00e2nt\t\tCurs postuniversitar<\/p>\n<p>\u2022 Perioada \t\t2008<br \/>\n\u2022 Numele \u015fi tipul institu\u0163iei de \u00eenv\u0103\u0163\u0103m\u00e2nt \u015fi al organiza\u0163iei prin care s-a realizat formarea profesional\u0103\t\tAsocia\u0163ia pentru Dezvoltare Economic\u0103 Local\u0103 (ADEL) Bac\u0103u<br \/>\n\u2022 Domeniul studiat \/ aptitudini ocupa\u0163ionale\t\t\u201cIntroducere \u00een management de proiect\u201d<br \/>\n\u2022 Tipul calific\u0103rii \/ diploma ob\u0163inut\u0103\t\tDiplom\u0103 de participare<br \/>\n\u2022 Nivelul de clasificare a formei de instruire \/ \u00eenv\u0103\u0163\u0103m\u00e2nt\t\tCurs postuniversitar<\/p>\n<p>\u2022 Perioada \t\t2007<br \/>\n\u2022 Numele \u015fi tipul institu\u0163iei de \u00eenv\u0103\u0163\u0103m\u00e2nt \u015fi al organiza\u0163iei prin care s-a realizat formarea profesional\u0103\t\tUniversitatea \u201eVasile Alecsandri\u201d din Bac\u0103u, Facultatea de \u015etiin\u0163e ale Mi\u015fc\u0103rii, Sportului \u015fi S\u0103n\u0103t\u0103\u0163ii, Sec\u0163ia Kinetoterapie<br \/>\n\u2022 Domeniul studiat \/ aptitudini ocupa\u0163ionale\t\tKinetoterapie \u015fi Motricitate Special\u0103<br \/>\n\u2022 Tipul calific\u0103rii \/ diploma ob\u0163inut\u0103\t\tDiplom\u0103 de Licen\u0163\u0103 (Licen\u0163iat \u00een kinetoterapie)<br \/>\n\u2022 Nivelul de clasificare a formei de instruire \/ \u00eenv\u0103\u0163\u0103m\u00e2nt\t\tUniversitar<\/p>\n<p>\u2022 Perioada (de la \u2013 p\u00e2n\u0103 la)\t\t2003<br \/>\n\u2022 Numele \u015fi tipul institu\u0163iei de \u00eenv\u0103\u0163\u0103m\u00e2nt \u015fi al organiza\u0163iei prin care s-a realizat formarea profesional\u0103\t\tLiceul cu Program Sportiv din Bac\u0103u<\/p>\n<p>\u2022 Domeniul studiat \/ aptitudini ocupa\u0163ionale\t\tChimie-Biologie<br \/>\n\u2022 Tipul calific\u0103rii \/ diploma ob\u0163inut\u0103\t\tDiplom\u0103 de Bacalaureat<br \/>\n\u2022 Nivelul de clasificare a formei de instruire \/ \u00eenv\u0103\u0163\u0103m\u00e2nt\t\tLiceal<\/p>\n<p>\u2022 Perioada (de la \u2013 p\u00e2n\u0103 la)\t\t1999<br \/>\n\u2022 Numele \u015fi tipul institu\u0163iei de \u00eenv\u0103\u0163\u0103m\u00e2nt \u015fi al organiza\u0163iei prin care s-a realizat formarea profesional\u0103\t\t\u015ecoala General\u0103 \u201cGeorge Bacovia\u201d din Bac\u0103u<br \/>\n\u2022 Domeniul studiat \/ aptitudini ocupa\u0163ionale\t\t&#8211;<br \/>\n\u2022 Tipul calific\u0103rii \/ diploma ob\u0163inut\u0103\t\tDiplom\u0103 de absolvire a examenului de Capacitate<br \/>\n\u2022 Nivelul de clasificare a formei de instruire \/ \u00eenv\u0103\u0163\u0103m\u00e2nt\t\tGimnazial<\/p>\n<p>APTITUDINI \u015eI COMPETEN\u0162E PERSONALE<\/p>\n<p>Limba matern\u0103\t\tRom\u00e2n\u0103<\/p>\n<p>Limbi str\u0103ine cunoscute <\/p>\n<p>Engleza<br \/>\n\u2022 abilitatea de a citi         \t\tBine;<br \/>\n\u2022 abilitatea de a scrie       \t\tBine;<br \/>\n\u2022 abilitatea de a vorbi    \t\tBine;<\/p>\n<p>APTITUDINI \u015eI COMPETEN\u0162E SOCIALE<br \/>\n  \t\t&#8211; Capacitate de interrela\u0163ionare<br \/>\n&#8211; Abilit\u0103\u0163i de comunicare<br \/>\n&#8211; Capacitate de lucru \u00een echip\u0103<\/p>\n<p>APTITUDINI \u015eI COMPETEN\u0162E ORGANIZATORICE<br \/>\n\t\t&#8211; Capacitate de analiz\u0103 \u015fi sintez\u0103<br \/>\n&#8211; Capacitate de rezolvare a problemelor<br \/>\n&#8211; Capacitate de organizare \u015fi coordonare<br \/>\n&#8211; Adaptabilitate<\/p>\n<p>1.Activit\u0103\u0163i \u00een contextul c\u0103rora s-au exercitat aptitudinile sociale \u015fi organizatorice:\t\t&#8211; Participare la multiple Conferin\u0163e Interna\u0163ionale \u015fi publicarea a peste 30 de articole \u00een reviste de specialitate;<br \/>\n&#8211; Activit\u0103\u0163i didactice \u015fi extradidactice cu studen\u0163ii pe parcursul a celor 6 ani de activitate;<br \/>\n&#8211; Organizarea \u015fi coordonarea Practicii \u00een sta\u0163iuni balneare \u015fi climaterice II a studen\u0163ilor \u2013 Eforie Nord<br \/>\n&#8211; Conducerea cercurilor studen\u0163e\u015fti cu tematica \u201eSpecificitatea kinetoterapiei \u00een cadrul afec\u0163iunilor aparatului neuro-mio-artro-kinetic\u201d (2009) \u015fi \u201eAplica\u0163iile kinetoterapiei \u00een afec\u0163iuni reumatismale\u201d, \u00een  2008 ;<br \/>\n&#8211; Competi\u0163ii sportive, spectacole, concursuri artistice &#8211; organizare;<br \/>\n&#8211; Activit\u0103\u0163i de recuperare cu pacien\u0163ii;<br \/>\n&#8211; Lucru \u00een echipe interdisciplinare de recuperare, de cercetare;<br \/>\n&#8211; Particip\u0103ri la \u00eent\u00e2lniri de lucru \u015fi mese rotunde, \u00een cadrul domeniului \u015fi al specializ\u0103rii.<\/p>\n<p>2. Apartenen\u0163a la societ\u0103\u0163i \u015ftiin\u0163ifice \u00een cadrul c\u0103rora s-au exercitat aptitudinile sociale \u015fi organizatorice:\t\t&#8211; Membr\u0103 \u00een colectivul de redac\u0163ie al revistei \u201eKinetostud\u201d &#8211; din anul 2010<br \/>\n&#8211; Membr\u0103 \u00een comitetul de organizare a Conferin\u0163ei Interna\u0163ionale \u201eAchievements and prospects in the field of physical education and sports within the interdisciplinary European education system&#8221;, organizat\u0103 anual de F\u015eMSS &#8211; din anul 2008<br \/>\n&#8211; Membr\u0103 \u00een comitetul de organizare a Sesiunii de Comunic\u0103ri Studen\u0163e\u015fti, F\u015eMSS, desf\u0103\u015furat\u0103 anual &#8211; din anul 2008<br \/>\n&#8211; Membr\u0103 \u00een Comisia financiar\u0103 a DKTO &#8211; din anul 2012<br \/>\n&#8211; Membr\u0103 \u00een \u201cComisia de promovare a imaginii facult\u0103\u0163ii \u015fi universit\u0103\u0163ii\u201d &#8211; din anul 2009<br \/>\n&#8211; Membr\u0103 \u00een ENOTHE (Re\u0163eaua European\u0103 de \u00cenv\u0103\u0163\u0103m\u00e2nt Superior de Terapie Ocupa\u0163ional\u0103) \u2013 din anul 2011<br \/>\n&#8211; Membr\u0103 \u00een Consiliul \u015etiin\u0163ific Sportului din Rom\u00e2nia (CSR) &#8211; din anul 2008<br \/>\n&#8211; Membr\u0103 \u00een Asocia\u0163ia Rom\u00e2n\u0103 de Algeziologie (AAR) &#8211; din anul 2008<br \/>\n&#8211; Membr\u0103 \u00een Asocia\u0163ia kinetoterapeu\u0163ilor din Bac\u0103u &#8211; din anul 2007<\/p>\n<p>COMPETEN\u0162E \u015eI APTITUDINI TEHNICE\t\t&#8211; Cuno\u015ftin\u0163e operare PC: Office (Word, Power Point,  Excel)<br \/>\n&#8211; Utilizare aparatur\u0103 multimedia: videoproiector, retroproiector, camer\u0103 video, video, scanner.<\/p>\n<p>PERMIS DE CONDUCERE\t\tAuto \u2013 Categoria B<\/p>\n","protected":false},"excerpt":{"rendered":"<p>Nume \u015fi prenume Popa Cristina-Elena Adres\u0103 Telefon Fax &#8211; E-mail popa_cristina_kineto@yahoo.com Na\u0163ionalitate Rom\u00e2n\u0103 Data na\u015fterii 09.03.1984 EXPERIEN\u0162\u0102 PROFESIONAL\u0102 \u2022 Data 2007- 2015 \u2022 Numele \u015fi adresa angajatorului Universitatea \u201eVasile Alecsandri\u201d din Bac\u0103u, Facultatea de \u015etiin\u0163e ale Mi\u015fc\u0103rii, Sportului \u015fi S\u0103n\u0103t\u0103\u0163ii, &hellip;<\/p>\n<p class=\"read-more\"><a href=\"https:\/\/cadredidactice.ub.ro\/popacristina\/curriculum-vitae\/\">Continue reading<\/a><\/p>\n","protected":false},"author":54,"featured_media":0,"parent":0,"menu_order":0,"comment_status":"closed","ping_status":"closed","template":"","meta":{"footnotes":""},"class_list":["post-86","page","type-page","status-publish","hentry"],"_links":{"self":[{"href":"https:\/\/cadredidactice.ub.ro\/popacristina\/wp-json\/wp\/v2\/pages\/86","targetHints":{"allow":["GET"]}}],"collection":[{"href":"https:\/\/cadredidactice.ub.ro\/popacristina\/wp-json\/wp\/v2\/pages"}],"about":[{"href":"https:\/\/cadredidactice.ub.ro\/popacristina\/wp-json\/wp\/v2\/types\/page"}],"author":[{"embeddable":true,"href":"https:\/\/cadredidactice.ub.ro\/popacristina\/wp-json\/wp\/v2\/users\/54"}],"replies":[{"embeddable":true,"href":"https:\/\/cadredidactice.ub.ro\/popacristina\/wp-json\/wp\/v2\/comments?post=86"}],"version-history":[{"count":0,"href":"https:\/\/cadredidactice.ub.ro\/popacristina\/wp-json\/wp\/v2\/pages\/86\/revisions"}],"wp:attachment":[{"href":"https:\/\/cadredidactice.ub.ro\/popacristina\/wp-json\/wp\/v2\/media?parent=86"}],"curies":[{"name":"wp","href":"https:\/\/api.w.org\/{rel}","templated":true}]}}