{"id":7,"date":"2011-10-24T16:01:24","date_gmt":"2011-10-24T14:01:24","guid":{"rendered":"http:\/\/cadredidactice.ub.ro\/ochianagabriela\/?page_id=7"},"modified":"2011-10-24T16:35:46","modified_gmt":"2011-10-24T14:35:46","slug":"contact","status":"publish","type":"page","link":"https:\/\/cadredidactice.ub.ro\/ochianagabriela\/contact\/","title":{"rendered":"Contact"},"content":{"rendered":"<h2>Conf.univ.dr. Ochian\u0103 Gabriela<\/h2>\n<p><strong>Catedra de Kinetoterapie \u015fi Terapie Ocupa\u0163ional\u0103<\/strong><br \/>\n<strong>Facultatea de \u015etiin\u0163e ale Mi\u015fc\u0103rii, Sportului si S\u0103n\u0103t\u0103\u0163ii<br \/>\nUniversitatea &#8222;Vasile Alecsandri&#8221; din Bac\u0103u<\/strong><br \/>\n<strong>Email<\/strong>: <a href=\"mailto:gabi_ochiana@yahoo.com\">gabi_ochiana@yahoo.com<\/a><br \/>\n<strong>Adresa<\/strong>: Calea M\u0103r\u0103\u015fe\u015fti 157, corp D<br \/>\n<strong>Tel\/fax:<\/strong> 0234 &#8211; 517715<\/p>\n","protected":false},"excerpt":{"rendered":"<p>Conf.univ.dr. Ochian\u0103 Gabriela Catedra de Kinetoterapie \u015fi Terapie Ocupa\u0163ional\u0103 Facultatea de \u015etiin\u0163e ale Mi\u015fc\u0103rii, Sportului si S\u0103n\u0103t\u0103\u0163ii Universitatea &#8222;Vasile Alecsandri&#8221; din Bac\u0103u Email: gabi_ochiana@yahoo.com Adresa: Calea M\u0103r\u0103\u015fe\u015fti 157, corp D Tel\/fax: 0234 &#8211; 517715<\/p>\n","protected":false},"author":57,"featured_media":0,"parent":0,"menu_order":0,"comment_status":"open","ping_status":"open","template":"","meta":{"footnotes":""},"class_list":["post-7","page","type-page","status-publish","hentry"],"_links":{"self":[{"href":"https:\/\/cadredidactice.ub.ro\/ochianagabriela\/wp-json\/wp\/v2\/pages\/7","targetHints":{"allow":["GET"]}}],"collection":[{"href":"https:\/\/cadredidactice.ub.ro\/ochianagabriela\/wp-json\/wp\/v2\/pages"}],"about":[{"href":"https:\/\/cadredidactice.ub.ro\/ochianagabriela\/wp-json\/wp\/v2\/types\/page"}],"author":[{"embeddable":true,"href":"https:\/\/cadredidactice.ub.ro\/ochianagabriela\/wp-json\/wp\/v2\/users\/57"}],"replies":[{"embeddable":true,"href":"https:\/\/cadredidactice.ub.ro\/ochianagabriela\/wp-json\/wp\/v2\/comments?post=7"}],"version-history":[{"count":0,"href":"https:\/\/cadredidactice.ub.ro\/ochianagabriela\/wp-json\/wp\/v2\/pages\/7\/revisions"}],"wp:attachment":[{"href":"https:\/\/cadredidactice.ub.ro\/ochianagabriela\/wp-json\/wp\/v2\/media?parent=7"}],"curies":[{"name":"wp","href":"https:\/\/api.w.org\/{rel}","templated":true}]}}

<h2>Conf.univ.dr. Ochiană Gabriela</h2>
<p><strong>Catedra de Kinetoterapie şi Terapie Ocupaţională</strong><br />
<strong>Facultatea de Ştiinţe ale Mişcării, Sportului si Sănătăţii<br />
Universitatea &#8222;Vasile Alecsandri&#8221; din Bacău</strong><br />
<strong>Email</strong>: <a href="mailto:gabi_ochiana@yahoo.com">gabi_ochiana@yahoo.com</a><br />
<strong>Adresa</strong>: Calea Mărăşeşti 157, corp D<br />
<strong>Tel/fax:</strong> 0234 &#8211; 517715</p>

<p>Conf.univ.dr. Ochiană Gabriela Catedra de Kinetoterapie şi Terapie Ocupaţională Facultatea de Ştiinţe ale Mişcării, Sportului si Sănătăţii Universitatea &#8222;Vasile Alecsandri&#8221; din Bacău Email: gabi_ochiana@yahoo.com Adresa: Calea Mărăşeşti 157, corp D Tel/fax: 0234 &#8211; 517715</p>
