{"id":15,"date":"2015-10-24T21:57:05","date_gmt":"2015-10-24T19:57:05","guid":{"rendered":"http:\/\/cadredidactice.ub.ro\/milonalexandra\/?page_id=15"},"modified":"2015-10-24T21:57:05","modified_gmt":"2015-10-24T19:57:05","slug":"contributii-stiintifice","status":"publish","type":"page","link":"https:\/\/cadredidactice.ub.ro\/milonalexandra\/contributii-stiintifice\/","title":{"rendered":"Contribu\u0163ii \u015ftiin\u0163ifice"},"content":{"rendered":"","protected":false},"excerpt":{"rendered":"","protected":false},"author":70,"featured_media":0,"parent":0,"menu_order":0,"comment_status":"closed","ping_status":"closed","template":"","meta":{"footnotes":""},"class_list":["post-15","page","type-page","status-publish","hentry"],"_links":{"self":[{"href":"https:\/\/cadredidactice.ub.ro\/milonalexandra\/wp-json\/wp\/v2\/pages\/15","targetHints":{"allow":["GET"]}}],"collection":[{"href":"https:\/\/cadredidactice.ub.ro\/milonalexandra\/wp-json\/wp\/v2\/pages"}],"about":[{"href":"https:\/\/cadredidactice.ub.ro\/milonalexandra\/wp-json\/wp\/v2\/types\/page"}],"author":[{"embeddable":true,"href":"https:\/\/cadredidactice.ub.ro\/milonalexandra\/wp-json\/wp\/v2\/users\/70"}],"replies":[{"embeddable":true,"href":"https:\/\/cadredidactice.ub.ro\/milonalexandra\/wp-json\/wp\/v2\/comments?post=15"}],"version-history":[{"count":0,"href":"https:\/\/cadredidactice.ub.ro\/milonalexandra\/wp-json\/wp\/v2\/pages\/15\/revisions"}],"wp:attachment":[{"href":"https:\/\/cadredidactice.ub.ro\/milonalexandra\/wp-json\/wp\/v2\/media?parent=15"}],"curies":[{"name":"wp","href":"https:\/\/api.w.org\/{rel}","templated":true}]}}