{"id":15,"date":"2012-05-11T10:16:15","date_gmt":"2012-05-11T08:16:15","guid":{"rendered":"http:\/\/cadredidactice.ub.ro\/mihaipuiuberzuntiu\/?page_id=15"},"modified":"2019-04-05T09:38:35","modified_gmt":"2019-04-05T07:38:35","slug":"cursuri-2","status":"publish","type":"page","link":"https:\/\/cadredidactice.ub.ro\/mihaipuiuberzuntiu\/cursuri-2\/","title":{"rendered":"Cursuri"},"content":{"rendered":"<p>1. Bazele electrotehnicii I &#8211; <a href=\"https:\/\/cadredidactice.ub.ro\/wp-content\/uploads\/sites\/219\/2012\/05\/beth14.pdf\">electromagnetismul<\/a><\/p>\n<p>2. Bazele electrotehnicii II &#8211; <a href=\"https:\/\/cadredidactice.ub.ro\/wp-content\/uploads\/sites\/219\/2012\/05\/beth-cel1.pdf\">Circuite electrice<\/a><\/p>\n<p>3. Electronic\u0103 industrial\u0103 de putere &#8211; <a href=\"https:\/\/cadredidactice.ub.ro\/wp-content\/uploads\/sites\/219\/2012\/05\/eip-c_lp.pdf\">curs \u015fi lucr\u0103ri practice<\/a><\/p>\n<p>4. Bazele electrotehnicii &#8211; <a href=\"http:\/\/cadredidactice.ub.ro\/mihaipuiuberzuntiu\/cursuri-2\/bethslp-2\/\" target=\"_blank\" rel=\"attachment wp-att-77\">Bazele electrotehnicii &#8211; curs si lucr\u0103ri practice<\/a><\/p>\n<p>&nbsp;<\/p>\n","protected":false},"excerpt":{"rendered":"<p>1. Bazele electrotehnicii I &#8211; electromagnetismul 2. Bazele electrotehnicii II &#8211; Circuite electrice 3. Electronic\u0103 industrial\u0103 de putere &#8211; curs \u015fi lucr\u0103ri practice 4. Bazele electrotehnicii &#8211; Bazele electrotehnicii &#8211; curs si lucr\u0103ri practice &nbsp;<\/p>\n","protected":false},"author":206,"featured_media":0,"parent":0,"menu_order":0,"comment_status":"closed","ping_status":"closed","template":"","meta":{"footnotes":""},"class_list":["post-15","page","type-page","status-publish","hentry"],"_links":{"self":[{"href":"https:\/\/cadredidactice.ub.ro\/mihaipuiuberzuntiu\/wp-json\/wp\/v2\/pages\/15","targetHints":{"allow":["GET"]}}],"collection":[{"href":"https:\/\/cadredidactice.ub.ro\/mihaipuiuberzuntiu\/wp-json\/wp\/v2\/pages"}],"about":[{"href":"https:\/\/cadredidactice.ub.ro\/mihaipuiuberzuntiu\/wp-json\/wp\/v2\/types\/page"}],"author":[{"embeddable":true,"href":"https:\/\/cadredidactice.ub.ro\/mihaipuiuberzuntiu\/wp-json\/wp\/v2\/users\/206"}],"replies":[{"embeddable":true,"href":"https:\/\/cadredidactice.ub.ro\/mihaipuiuberzuntiu\/wp-json\/wp\/v2\/comments?post=15"}],"version-history":[{"count":3,"href":"https:\/\/cadredidactice.ub.ro\/mihaipuiuberzuntiu\/wp-json\/wp\/v2\/pages\/15\/revisions"}],"predecessor-version":[{"id":88,"href":"https:\/\/cadredidactice.ub.ro\/mihaipuiuberzuntiu\/wp-json\/wp\/v2\/pages\/15\/revisions\/88"}],"wp:attachment":[{"href":"https:\/\/cadredidactice.ub.ro\/mihaipuiuberzuntiu\/wp-json\/wp\/v2\/media?parent=15"}],"curies":[{"name":"wp","href":"https:\/\/api.w.org\/{rel}","templated":true}]}}