{"id":2,"date":"2011-03-21T09:52:06","date_gmt":"2011-03-21T07:52:06","guid":{"rendered":""},"modified":"2011-04-28T00:31:12","modified_gmt":"2011-04-27T22:31:12","slug":"info-contact","status":"publish","type":"page","link":"https:\/\/cadredidactice.ub.ro\/mastacansimina\/info-contact\/","title":{"rendered":"Info \/ Contact"},"content":{"rendered":"<div class=\"postContent\">\n<div class=\"postContent\">\n<h3><img loading=\"lazy\" decoding=\"async\" class=\"alignleft\" src=\"http:\/\/litere.ub.ro\/images\/stories\/simina_mastacan.jpg\" alt=\"\" width=\"235\" height=\"200\" \/><\/h3>\n<h1>Bine a\u0163i venit!<\/h1>\n<h4>M\u0103 numesc Mastacan Simina \u015fi sunt profesor universitar  doctor \u00een  cadrul Catedrei de limbi \u015fi literaturi str\u0103ine    , Facultatea de   Litere, Secretar \u015ftiin\u0163ific al Facult\u0103\u0163ii de Litere.<\/h4>\n<p><ins datetime=\"00\"><\/ins><\/p>\n<h4>Pe aceast\u0103 pagina g\u0103si\u0163i: orarul pentru licen\u0163\u0103 \u015fi master,  Cv-ul  personal, Lista de lucr\u0103ri \u015ftiin\u0163ifice, adresa de e-mail \u015fi   disciplinele predate.<\/h4>\n<p><ins datetime=\"00\"><br \/>\n<ins datetime=\"00\"><br \/>\n<ins datetime=\"00\"><br \/>\n<ins datetime=\"00\"><br \/>\n<ins datetime=\"00\"><\/ins><\/ins><\/ins><\/ins><\/ins><\/p>\n<h2>Citat Preferat:<\/h2>\n<blockquote>\n<p style=\"text-align: left\"><em><strong>\u201e<span style=\"font-size: 12pt;font-family: &quot;Times New Roman&quot;,&quot;serif&amp;quot&amp;quot&amp;quot&amp;quot&amp;quot&amp;quot&amp;quot&#038;quot\">Le ciel \u00e9toil\u00e9 au-dessus de moi et la loi morale en moi (Cerul \u00eenstelat deasupra mea, iar legea moral\u0103 \u00een mine).<\/span><\/strong><strong>\u201d<\/strong><\/em><\/p>\n<p style=\"text-align: right\"><strong><span style=\"font-size: 12pt;font-family: &quot;Times New Roman&quot;,&quot;serif&amp;quot&amp;quot&amp;quot&amp;quot&amp;quot&amp;quot&amp;quot&#038;quot\">Immanuel Kant<\/span><\/strong><\/p>\n<\/blockquote>\n<h2>Date despre mine:<\/h2>\n<ul>\n<li>\n<address><strong><em>CV<\/em><\/strong> &#8211; <strong>Conf. univ. dr. Mastacan Simina<a title=\"CV Cmeciu Doina\" href=\"..\/..\/romedeaadriana\/files\/2011\/03\/cv-romedea-adriana-gertruda.pdf\" target=\"_blank\"><br \/>\n<\/a><\/strong><\/address>\n<\/li>\n<\/ul>\n<h2>Date de contact:<\/h2>\n<ul>\n<li>\n<address><strong><em>Tel<\/em><\/strong> &#8211; <strong>\u2026<\/strong><\/address>\n<\/li>\n<li>\n<address><strong><em>Fax<\/em><\/strong> &#8211; <strong>\u2026<\/strong><\/address>\n<\/li>\n<li>\n<address><strong><em>Cabinet<\/em><\/strong> &#8211; <strong>C7 : Miercuri 12:00-14:00<br \/>\n<\/strong><\/address>\n<\/li>\n<li>\n<address><strong><em>E-mail<\/em><\/strong> &#8211;\u00a0 <strong><a title=\"E-mail Mastacan Simina\" href=\"mailto:simina_mastacan@yahoo.com\" target=\"_blank\">simina_mastacan@yahoo.com<\/a>;<\/strong><strong> <a title=\"E-mail Mastacan Simina\" href=\"mailto:smastacan@ub.ro\" target=\"_blank\">smastacan@ub.ro<\/a><\/strong> <\/address>\n<\/li>\n<li>\n<address><strong><em>Webpage<\/em><\/strong> &#8211; <strong><a title=\"Webpage Mastacan Simina\" href=\"..\/..\/mastacansimina\/\" target=\"_blank\">http:\/\/cadredidactice.ub.ro\/mastacansimina<\/a><\/strong><\/address>\n<\/li>\n<\/ul>\n<h2>Disciplinele predate:<\/h2>\n<ul>\n<li>\n<h4><strong>Pragmatica discursului; <\/strong><\/h4>\n<\/li>\n<li>\n<h4><strong>Practici argumentative; <\/strong><\/h4>\n<\/li>\n<li>\n<h4><strong>Limba francez\u0103 contemporan\u0103 &#8211; Sintaxa;<\/strong><\/h4>\n<\/li>\n<li>\n<h4><strong>Traduceri &#8211; perspective contrastive;<\/strong><\/h4>\n<\/li>\n<li>\n<h4><strong>Comunicare juridic\u0103 \u00een limba francez\u0103;<\/strong><\/h4>\n<\/li>\n<li>\n<h4><strong>Practica limbii franceze;<\/strong><\/h4>\n<\/li>\n<\/ul>\n<\/div>\n<\/div>\n","protected":false},"excerpt":{"rendered":"<p>Bine a\u0163i venit! M\u0103 numesc Mastacan Simina \u015fi sunt profesor universitar doctor \u00een cadrul Catedrei de limbi \u015fi literaturi str\u0103ine , Facultatea de Litere, Secretar \u015ftiin\u0163ific al Facult\u0103\u0163ii de Litere. Pe aceast\u0103 pagina g\u0103si\u0163i: orarul pentru licen\u0163\u0103 \u015fi master, Cv-ul &hellip;<\/p>\n<p class=\"read-more\"><a href=\"https:\/\/cadredidactice.ub.ro\/mastacansimina\/info-contact\/\">Continue reading<\/a><\/p>\n","protected":false},"author":221,"featured_media":0,"parent":0,"menu_order":0,"comment_status":"open","ping_status":"open","template":"","meta":{"footnotes":""},"class_list":["post-2","page","type-page","status-publish","hentry"],"_links":{"self":[{"href":"https:\/\/cadredidactice.ub.ro\/mastacansimina\/wp-json\/wp\/v2\/pages\/2","targetHints":{"allow":["GET"]}}],"collection":[{"href":"https:\/\/cadredidactice.ub.ro\/mastacansimina\/wp-json\/wp\/v2\/pages"}],"about":[{"href":"https:\/\/cadredidactice.ub.ro\/mastacansimina\/wp-json\/wp\/v2\/types\/page"}],"author":[{"embeddable":true,"href":"https:\/\/cadredidactice.ub.ro\/mastacansimina\/wp-json\/wp\/v2\/users\/221"}],"replies":[{"embeddable":true,"href":"https:\/\/cadredidactice.ub.ro\/mastacansimina\/wp-json\/wp\/v2\/comments?post=2"}],"version-history":[{"count":0,"href":"https:\/\/cadredidactice.ub.ro\/mastacansimina\/wp-json\/wp\/v2\/pages\/2\/revisions"}],"wp:attachment":[{"href":"https:\/\/cadredidactice.ub.ro\/mastacansimina\/wp-json\/wp\/v2\/media?parent=2"}],"curies":[{"name":"wp","href":"https:\/\/api.w.org\/{rel}","templated":true}]}}