{"id":18,"date":"2011-03-04T14:55:35","date_gmt":"2011-03-04T12:55:35","guid":{"rendered":"http:\/\/cadredidactice.ub.ro\/marzadanut\/?page_id=18"},"modified":"2011-03-04T14:55:35","modified_gmt":"2011-03-04T12:55:35","slug":"recunoastere-internationala","status":"publish","type":"page","link":"https:\/\/cadredidactice.ub.ro\/marzadanut\/recunoastere-internationala\/","title":{"rendered":"Recunoa\u015ftere interna\u0163ional\u0103"},"content":{"rendered":"","protected":false},"excerpt":{"rendered":"","protected":false},"author":59,"featured_media":0,"parent":0,"menu_order":0,"comment_status":"open","ping_status":"open","template":"","meta":{"footnotes":""},"class_list":["post-18","page","type-page","status-publish","hentry"],"_links":{"self":[{"href":"https:\/\/cadredidactice.ub.ro\/marzadanut\/wp-json\/wp\/v2\/pages\/18","targetHints":{"allow":["GET"]}}],"collection":[{"href":"https:\/\/cadredidactice.ub.ro\/marzadanut\/wp-json\/wp\/v2\/pages"}],"about":[{"href":"https:\/\/cadredidactice.ub.ro\/marzadanut\/wp-json\/wp\/v2\/types\/page"}],"author":[{"embeddable":true,"href":"https:\/\/cadredidactice.ub.ro\/marzadanut\/wp-json\/wp\/v2\/users\/59"}],"replies":[{"embeddable":true,"href":"https:\/\/cadredidactice.ub.ro\/marzadanut\/wp-json\/wp\/v2\/comments?post=18"}],"version-history":[{"count":0,"href":"https:\/\/cadredidactice.ub.ro\/marzadanut\/wp-json\/wp\/v2\/pages\/18\/revisions"}],"wp:attachment":[{"href":"https:\/\/cadredidactice.ub.ro\/marzadanut\/wp-json\/wp\/v2\/media?parent=18"}],"curies":[{"name":"wp","href":"https:\/\/api.w.org\/{rel}","templated":true}]}}