{"id":36,"date":"2012-01-21T14:46:01","date_gmt":"2012-01-21T12:46:01","guid":{"rendered":"http:\/\/cadredidactice.ub.ro\/maresgabriel\/?page_id=36"},"modified":"2015-10-25T08:51:03","modified_gmt":"2015-10-25T06:51:03","slug":"publicatii","status":"publish","type":"page","link":"https:\/\/cadredidactice.ub.ro\/maresgabriel\/publicatii\/","title":{"rendered":"Contribu\u0163ii \u015ftiin\u0163ifice"},"content":{"rendered":"<p><a href=\"https:\/\/cadredidactice.ub.ro\/wp-content\/uploads\/sites\/58\/2012\/01\/Lista-Lucrari-Publicate-Mares-Gabriel.pdf\">Lista Lucrari Publicate Mares Gabriel<\/a><\/p>\n<p>Puteti descoperi ce inseamna nevoie emergenta, care sunt aceste nevoi&#8230;. si nu numai<\/p>\n<p><a href=\"https:\/\/cadredidactice.ub.ro\/wp-content\/uploads\/sites\/58\/2012\/01\/nevoi-emergente-ghid-de-identificare-si-adresare-a-nevoilor-emergente-ale-copiilor-din-romania.pdf\">nevoi-emergente-ghid-de-identificare-si-adresare-a-nevoilor-emergente-ale-copiilor-din-romania<\/a><\/p>\n<p><a href=\"https:\/\/cadredidactice.ub.ro\/wp-content\/uploads\/sites\/58\/2012\/01\/studiu_-_nevoi_emergente_ale_copiilor_din_romania.pdf\">studiu_-_nevoi_emergente_ale_copiilor_din_romania<\/a><\/p>\n","protected":false},"excerpt":{"rendered":"<p>Lista Lucrari Publicate Mares Gabriel Puteti descoperi ce inseamna nevoie emergenta, care sunt aceste nevoi&#8230;. si nu numai nevoi-emergente-ghid-de-identificare-si-adresare-a-nevoilor-emergente-ale-copiilor-din-romania studiu_-_nevoi_emergente_ale_copiilor_din_romania<\/p>\n","protected":false},"author":51,"featured_media":0,"parent":0,"menu_order":0,"comment_status":"closed","ping_status":"closed","template":"","meta":{"footnotes":""},"class_list":["post-36","page","type-page","status-publish","hentry"],"_links":{"self":[{"href":"https:\/\/cadredidactice.ub.ro\/maresgabriel\/wp-json\/wp\/v2\/pages\/36","targetHints":{"allow":["GET"]}}],"collection":[{"href":"https:\/\/cadredidactice.ub.ro\/maresgabriel\/wp-json\/wp\/v2\/pages"}],"about":[{"href":"https:\/\/cadredidactice.ub.ro\/maresgabriel\/wp-json\/wp\/v2\/types\/page"}],"author":[{"embeddable":true,"href":"https:\/\/cadredidactice.ub.ro\/maresgabriel\/wp-json\/wp\/v2\/users\/51"}],"replies":[{"embeddable":true,"href":"https:\/\/cadredidactice.ub.ro\/maresgabriel\/wp-json\/wp\/v2\/comments?post=36"}],"version-history":[{"count":0,"href":"https:\/\/cadredidactice.ub.ro\/maresgabriel\/wp-json\/wp\/v2\/pages\/36\/revisions"}],"wp:attachment":[{"href":"https:\/\/cadredidactice.ub.ro\/maresgabriel\/wp-json\/wp\/v2\/media?parent=36"}],"curies":[{"name":"wp","href":"https:\/\/api.w.org\/{rel}","templated":true}]}}