{"id":7,"date":"2011-03-01T23:11:28","date_gmt":"2011-03-01T21:11:28","guid":{"rendered":"http:\/\/cadredidactice.ub.ro\/grosuluminita\/?page_id=7"},"modified":"2011-03-02T12:16:34","modified_gmt":"2011-03-02T10:16:34","slug":"info-contact","status":"publish","type":"page","link":"https:\/\/cadredidactice.ub.ro\/grosuluminita\/info-contact\/","title":{"rendered":"Info \/ Contact"},"content":{"rendered":"<h1><a href=\"http:\/\/cisapm.inginerie.ub.ro\/images\/stories\/poze_cisapm\/grosu_luminita.jpg\"><img loading=\"lazy\" decoding=\"async\" class=\"alignleft\" src=\"http:\/\/cisapm.inginerie.ub.ro\/images\/stories\/poze_cisapm\/grosu_luminita.jpg\" alt=\"\" width=\"156\" height=\"203\" \/><\/a><strong> <\/strong><\/h1>\n<h1><strong>Bine a\u0163i venit,<\/strong><\/h1>\n<p style=\"padding-left: 180px;text-align: justify\"><strong>Pe pagina mea personal\u0103, m\u0103 numesc Grosu Lumini\u0163a sunt doctor inginer\u00a0av\u00e2nd functia \u015eef lucr\u0103ri la Universitatea \u201cVasile Alecsandri\u201d din Bac\u0103u, Facultatea de Inginerie, Departamentul Chimia \u015fi Ingineria Siguran\u0163ei Alimentare \u015fi Protec\u0163iei Mediului (CISAPM), disciplinele: Controlul\u00a0falsific\u0103rilor produselor alimentare \u015fi biotehnologice, Igiena \u00eentreprinderii din industria alimentar\u0103, Analize fizico-chimice<\/strong><\/p>\n<p style=\"padding-left: 180px\"><strong>Pe aceast\u0103 pagina g\u0103si\u0163i: Programele analitice<\/strong><\/p>\n<p style=\"padding-left: 30px\"><strong>Citat preferat:<\/strong><\/p>\n<blockquote>\n<p class=\"MsoNormal\" style=\"margin: 0cm 0cm 0pt\"><strong><span style=\"font-size: 18pt;font-family: Mistral\">\u201eDac\u0103 folosim orice experien\u0163\u0103 ca s\u0103 ne <\/span><\/strong><\/p>\n<p class=\"MsoNormal\" style=\"margin: 0cm 0cm 0pt\"><strong><span style=\"font-size: 18pt;font-family: Mistral\">sporim cuno\u015ftin\u0163ele pentru a le folosi spre <\/span><\/strong><\/p>\n<p class=\"MsoNormal\" style=\"margin: 0cm 0cm 0pt\"><strong><span style=\"font-size: 18pt;font-family: Mistral\">binele omenirii, aceasta va produce o schimbare <\/span><\/strong><\/p>\n<p class=\"MsoNormal\" style=\"margin: 0cm 0cm 0pt\"><strong><span style=\"font-size: 18pt;font-family: Mistral\">\u00een noi \u015fi \u00een lumea noastr\u0103; cunoa\u015fterea este putere\u201d<\/span><\/strong><strong><span style=\"font-size: 18pt;font-family: Mistral\"> <\/span><\/strong><\/p>\n<p class=\"MsoNormal\" style=\"margin: 0cm 0cm 0pt 141.6pt\"><strong><em><span style=\"font-size: 18pt;font-family: Mistral\">Francis Bacon <\/span><\/em><\/strong><\/p>\n<p><!--more--><\/p><\/blockquote>\n<ul>\n<li>\n<h3>Date despre mine:<\/h3>\n<\/li>\n<\/ul>\n<address><strong>CV <\/strong>&#8211; <a title=\"CV Grosu Lumini\u0163a\" href=\"https:\/\/cadredidactice.ub.ro\/wp-content\/uploads\/sites\/91\/2011\/03\/curriculum-vitae-pentru-site.pdf\" target=\"_blank\">dr. Ing. Grosu Lumini\u0163a<\/a><br \/>\n<\/address>\n<ul>\n<li>\n<h3>Contact:<\/h3>\n<\/li>\n<\/ul>\n<address><strong>Tel:<\/strong> <em>004-0234-542411\/int. 119;<\/em><br \/>\n<strong>Fax:<\/strong> <em>004-0234-545753; 0234-580170<\/em><\/address>\n<address><strong>E-mail: <\/strong><a title=\"E-mail Luminita Grosu\" href=\"mailto:lumig@ub.ro\" target=\"_blank\">lumig@ub.ro<\/a><\/address>\n<address><strong>Webpage: <\/strong><a title=\"Webpage Grosu Luminita\" href=\"http:\/\/cadredidactice.ub.ro\/grosuluminita\/\" target=\"_blank\">http:\/\/cadredidactice.ub.ro\/grosuluminita<\/a><br \/>\n<\/address>\n<ul>\n<li>\n<h3>Sala:<\/h3>\n<\/li>\n<\/ul>\n<h3 style=\"padding-left: 60px\">AI 3\u00a0 &#8211; joi 10:00 &#8211; 16:00<\/h3>\n<h3 style=\"padding-left: 120px\">vineri 10:00 &#8211; 14:00<\/h3>\n<p style=\"padding-left: 60px\">\u00a0<\/p>\n","protected":false},"excerpt":{"rendered":"<p>Bine a\u0163i venit, Pe pagina mea personal\u0103, m\u0103 numesc Grosu Lumini\u0163a sunt doctor inginer\u00a0av\u00e2nd functia \u015eef lucr\u0103ri la Universitatea \u201cVasile Alecsandri\u201d din Bac\u0103u, Facultatea de Inginerie, Departamentul Chimia \u015fi Ingineria Siguran\u0163ei Alimentare \u015fi Protec\u0163iei Mediului (CISAPM), disciplinele: Controlul\u00a0falsific\u0103rilor produselor alimentare &hellip;<\/p>\n<p class=\"read-more\"><a href=\"https:\/\/cadredidactice.ub.ro\/grosuluminita\/info-contact\/\">Continue reading<\/a><\/p>\n","protected":false},"author":85,"featured_media":0,"parent":0,"menu_order":0,"comment_status":"open","ping_status":"open","template":"","meta":{"footnotes":""},"class_list":["post-7","page","type-page","status-publish","hentry"],"_links":{"self":[{"href":"https:\/\/cadredidactice.ub.ro\/grosuluminita\/wp-json\/wp\/v2\/pages\/7","targetHints":{"allow":["GET"]}}],"collection":[{"href":"https:\/\/cadredidactice.ub.ro\/grosuluminita\/wp-json\/wp\/v2\/pages"}],"about":[{"href":"https:\/\/cadredidactice.ub.ro\/grosuluminita\/wp-json\/wp\/v2\/types\/page"}],"author":[{"embeddable":true,"href":"https:\/\/cadredidactice.ub.ro\/grosuluminita\/wp-json\/wp\/v2\/users\/85"}],"replies":[{"embeddable":true,"href":"https:\/\/cadredidactice.ub.ro\/grosuluminita\/wp-json\/wp\/v2\/comments?post=7"}],"version-history":[{"count":0,"href":"https:\/\/cadredidactice.ub.ro\/grosuluminita\/wp-json\/wp\/v2\/pages\/7\/revisions"}],"wp:attachment":[{"href":"https:\/\/cadredidactice.ub.ro\/grosuluminita\/wp-json\/wp\/v2\/media?parent=7"}],"curies":[{"name":"wp","href":"https:\/\/api.w.org\/{rel}","templated":true}]}}