{"id":8,"date":"2015-10-28T13:23:40","date_gmt":"2015-10-28T11:23:40","guid":{"rendered":"http:\/\/cadredidactice.ub.ro\/lupugabriel\/?page_id=8"},"modified":"2015-10-28T14:06:42","modified_gmt":"2015-10-28T12:06:42","slug":"despre","status":"publish","type":"page","link":"https:\/\/cadredidactice.ub.ro\/glupu\/","title":{"rendered":"Despre"},"content":{"rendered":"<p><img loading=\"lazy\" decoding=\"async\" class=\" size-full wp-image-12 alignleft\" src=\"https:\/\/cadredidactice.ub.ro\/wp-content\/uploads\/sites\/75\/2015\/10\/image002.png\" alt=\"image002\" width=\"160\" height=\"182\" \/><\/p>\n<div class=\"cv\"><strong>Lector universitar doctor<\/strong> &#8211; Facultatea de \u0218tiin\u021be ale Mi\u0219c\u0103rii Sportului \u0219i S\u0103n\u0103t\u0103\u021bii<\/p>\n<p><strong>Discipline predate:<\/strong><\/p>\n<ul>\n<li>Optimizarea conditiei fizice\u00a0 fitness &#8211; culturism<\/li>\n<li>Sociologie sportiva<\/li>\n<li>Volei<\/li>\n<li>Jocuri sportive &#8211; Elemente folosite in kinetoterapie<\/li>\n<li>Mijloace \u0219i Metode de tonifiere muscular\u0103<\/li>\n<li>Politici europene in domeniul sanatatii<\/li>\n<li>Etic\u0103 \u0219i deontologie \u00een terapia ocupa\u021bional\u0103<\/li>\n<li>Cadrul legislativ \u00een educa\u021bie fizic\u0103 \u0219i sport<\/li>\n<\/ul>\n<\/div>\n","protected":false},"excerpt":{"rendered":"<p>Lector universitar doctor &#8211; Facultatea de \u0218tiin\u021be ale Mi\u0219c\u0103rii Sportului \u0219i S\u0103n\u0103t\u0103\u021bii Discipline predate: Optimizarea conditiei fizice\u00a0 fitness &#8211; culturism Sociologie sportiva Volei Jocuri sportive &#8211; Elemente folosite in kinetoterapie Mijloace \u0219i Metode de tonifiere muscular\u0103 Politici europene in domeniul &hellip;<\/p>\n<p class=\"read-more\"><a href=\"https:\/\/cadredidactice.ub.ro\/glupu\/\">Continue reading<\/a><\/p>\n","protected":false},"author":1,"featured_media":0,"parent":0,"menu_order":0,"comment_status":"closed","ping_status":"closed","template":"","meta":{"footnotes":""},"class_list":["post-8","page","type-page","status-publish","hentry"],"_links":{"self":[{"href":"https:\/\/cadredidactice.ub.ro\/glupu\/wp-json\/wp\/v2\/pages\/8","targetHints":{"allow":["GET"]}}],"collection":[{"href":"https:\/\/cadredidactice.ub.ro\/glupu\/wp-json\/wp\/v2\/pages"}],"about":[{"href":"https:\/\/cadredidactice.ub.ro\/glupu\/wp-json\/wp\/v2\/types\/page"}],"author":[{"embeddable":true,"href":"https:\/\/cadredidactice.ub.ro\/glupu\/wp-json\/wp\/v2\/users\/1"}],"replies":[{"embeddable":true,"href":"https:\/\/cadredidactice.ub.ro\/glupu\/wp-json\/wp\/v2\/comments?post=8"}],"version-history":[{"count":0,"href":"https:\/\/cadredidactice.ub.ro\/glupu\/wp-json\/wp\/v2\/pages\/8\/revisions"}],"wp:attachment":[{"href":"https:\/\/cadredidactice.ub.ro\/glupu\/wp-json\/wp\/v2\/media?parent=8"}],"curies":[{"name":"wp","href":"https:\/\/api.w.org\/{rel}","templated":true}]}}