{"id":7,"date":"2011-03-03T00:27:20","date_gmt":"2011-03-02T22:27:20","guid":{"rendered":"http:\/\/cadredidactice.ub.ro\/gavrilalucian\/?page_id=7"},"modified":"2020-11-24T10:12:40","modified_gmt":"2020-11-24T08:12:40","slug":"studenti","status":"publish","type":"page","link":"https:\/\/cadredidactice.ub.ro\/gavrilalucian\/studenti\/","title":{"rendered":"Note de curs, bibliografie"},"content":{"rendered":"<p><strong style=\"letter-spacing: 0.1em\">De aici puteti vizualiza sau descarca o parte din bibliografia recomandata la curs:<\/strong><\/p>\n<p><strong style=\"color: #000000;font-style: normal\">Note de curs &#8222;Fenomene de transfer si operatii unitare&#8221;<\/strong><\/p>\n<ol>\n<li><a href=\"https:\/\/cadredidactice.ub.ro\/wp-content\/uploads\/sites\/104\/2018\/10\/Curs-1-FDTOU.pdf\" target=\"_blank\" rel=\"noopener noreferrer\">FDTOU 01<\/a><\/li>\n<li><a href=\"https:\/\/cadredidactice.ub.ro\/wp-content\/uploads\/sites\/104\/2011\/03\/fdtou-curs-02.pdf\" target=\"_blank\" rel=\"noopener noreferrer\">FDTOU 02<\/a><\/li>\n<li><a href=\"https:\/\/cadredidactice.ub.ro\/wp-content\/uploads\/sites\/104\/2011\/03\/fdtou-curs-03.pdf\" target=\"_blank\" rel=\"noopener noreferrer\">FDTOU 03<\/a><\/li>\n<li><a href=\"https:\/\/cadredidactice.ub.ro\/wp-content\/uploads\/sites\/104\/2011\/03\/fdtou-curs-04.pdf\" target=\"_blank\" rel=\"noopener noreferrer\">FDTOU 04<\/a><\/li>\n<li><a href=\"https:\/\/cadredidactice.ub.ro\/wp-content\/uploads\/sites\/104\/2011\/03\/fdtou-curs-05.pdf\" target=\"_blank\" rel=\"noopener noreferrer\">FDTOU 05<br \/>\n<\/a><\/li>\n<li><a href=\"https:\/\/cadredidactice.ub.ro\/wp-content\/uploads\/sites\/104\/2011\/03\/fdtou-curs-06.pdf\" target=\"_blank\" rel=\"noopener noreferrer\">FDTOU 06<\/a><\/li>\n<li><a href=\"https:\/\/cadredidactice.ub.ro\/wp-content\/uploads\/sites\/104\/2011\/03\/fdtou-curs-07.pdf\" target=\"_blank\" rel=\"noopener noreferrer\">FDTOU 07<\/a><\/li>\n<li><a href=\"https:\/\/cadredidactice.ub.ro\/wp-content\/uploads\/sites\/104\/2011\/03\/fdtou-sinteza-5-7pdf.pdf\" target=\"_blank\" rel=\"noopener noreferrer\">FDTOU 5-7 sinteza<\/a><\/li>\n<li><a href=\"https:\/\/cadredidactice.ub.ro\/wp-content\/uploads\/sites\/104\/2011\/05\/fdtou-curs-081.pdf\" target=\"_blank\" rel=\"noopener noreferrer\">fdtou-curs-08<\/a><\/li>\n<li><a href=\"https:\/\/cadredidactice.ub.ro\/wp-content\/uploads\/sites\/104\/2011\/05\/fdtou-curs-09.pdf\" target=\"_blank\" rel=\"noopener noreferrer\">fdtou-curs-09<\/a><\/li>\n<li><a href=\"https:\/\/cadredidactice.ub.ro\/wp-content\/uploads\/sites\/104\/2011\/05\/fdtou-curs-10.pdf\" target=\"_blank\" rel=\"noopener noreferrer\">fdtou-curs-10<\/a><\/li>\n<li><a href=\"https:\/\/cadredidactice.ub.ro\/wp-content\/uploads\/sites\/104\/2011\/05\/fdtou-curs-11.pdf\" target=\"_blank\" rel=\"noopener noreferrer\">fdtou-curs-11<\/a><\/li>\n<li><a href=\"https:\/\/cadredidactice.ub.ro\/wp-content\/uploads\/sites\/104\/2011\/05\/fdtou-curs-12.pdf\" target=\"_blank\" rel=\"noopener noreferrer\">fdtou-curs-12<\/a><\/li>\n<\/ol>\n<p><span style=\"color: #993366\">\u00a0<\/span>Cursurile 8-12 se refera la TRANSFERUL DE CALDURA.<\/p>\n<ul>\n<li>Schimbatoare de caldura 1 &#8211;\u00a0<a href=\"https:\/\/cadredidactice.ub.ro\/wp-content\/uploads\/sites\/104\/2016\/04\/C12-SCH1.pdf\" rel=\"\">C12-SCH1<\/a><\/li>\n<li>Schimbatoare de caldura 2 &#8211;\u00a0<a href=\"https:\/\/cadredidactice.ub.ro\/wp-content\/uploads\/sites\/104\/2016\/04\/C13-SCH2.pdf\" rel=\"\">C13-SCH2<\/a><\/li>\n<li>Schimbatoare de caldura 3 &#8211;\u00a0<a href=\"https:\/\/cadredidactice.ub.ro\/wp-content\/uploads\/sites\/104\/2016\/04\/C14-SCH3.pdf\" rel=\"\">C14-SCH3<\/a><\/li>\n<li>Schimbatoare de caldura 4 &#8211;\u00a0<a href=\"https:\/\/cadredidactice.ub.ro\/wp-content\/uploads\/sites\/104\/2016\/04\/C15-SCH4.pdf\" rel=\"\">C15-SCH4<\/a><\/li>\n<\/ul>\n<p><strong style=\"color: #000000;font-style: normal\">Note de curs &#8222;Operatii unitare 1&#8221;<\/strong><\/p>\n<ol>\n<li><strong style=\"color: #000000;font-style: normal\">Introducere <\/strong><a href=\"http:\/\/cadredidactice.ub.ro\/gavrilalucian\/introducere-ou-3\/\" target=\"_blank\" rel=\"noopener noreferrer\">introducere-ou-1<\/a><\/li>\n<li><strong style=\"color: #000000;font-style: normal\">Transportul lichidelor <\/strong><a style=\"font-style: normal\" href=\"https:\/\/cadredidactice.ub.ro\/wp-content\/uploads\/sites\/104\/2012\/10\/ou1-c1-transportul-lichidelor.pdf\">ou1-c1-transportul-lichidelor<\/a><\/li>\n<li><strong style=\"color: #000000;font-style: normal\">Transportul lichidelor (supliment 1) <\/strong><a style=\"font-style: normal\" href=\"https:\/\/cadredidactice.ub.ro\/wp-content\/uploads\/sites\/104\/2012\/10\/ou1-c1-supliment-1.pdf\">ou1-c1-supliment-1<\/a><\/li>\n<li><strong style=\"color: #000000;font-style: normal\">Transportul lichidelor (supliment 2) <\/strong><a style=\"font-style: normal\" href=\"https:\/\/cadredidactice.ub.ro\/wp-content\/uploads\/sites\/104\/2012\/10\/ou1-c1-supliment-2.pdf\">ou1-c1-supliment-2<\/a><\/li>\n<li><strong style=\"color: #000000;font-style: normal\">Comprimarea si transportul gazelor <\/strong><a style=\"font-style: normal\" href=\"https:\/\/cadredidactice.ub.ro\/wp-content\/uploads\/sites\/104\/2012\/10\/ou1-c2-comprimarea-si-transportul-gazelor.pdf\">ou1-c2-comprimarea-si-transportul-gazelor<\/a><\/li>\n<li><strong style=\"color: #000000;font-style: normal\">Conducte si armaturi<\/strong> <a style=\"font-style: normal\" href=\"https:\/\/cadredidactice.ub.ro\/wp-content\/uploads\/sites\/104\/2012\/10\/ou1-c3-conducte-si-armaturi.pdf\">ou1-c3-conducte-si-armaturi<\/a><\/li>\n<li><strong style=\"color: #000000;font-style: normal\">Amestecarea<\/strong> <a style=\"font-style: normal\" href=\"https:\/\/cadredidactice.ub.ro\/wp-content\/uploads\/sites\/104\/2012\/10\/ou-1-c4-amestecarea.pdf\">ou-1-c4-amestecarea<\/a><\/li>\n<li><strong style=\"color: #000000;font-style: normal\">Sedimentarea<\/strong> <a style=\"font-style: normal\" href=\"https:\/\/cadredidactice.ub.ro\/wp-content\/uploads\/sites\/104\/2012\/11\/ou1-c5-sedimentarea.pdf\">ou1-c5-sedimentarea<\/a><\/li>\n<li><strong style=\"color: #000000;font-style: normal\">Filtrarea<\/strong> <a style=\"font-style: normal\" href=\"https:\/\/cadredidactice.ub.ro\/wp-content\/uploads\/sites\/104\/2012\/11\/ou1-c6-filtrarea.pdf\">ou1-c6-filtrarea<\/a><\/li>\n<li><strong style=\"color: #000000;font-style: normal\">Centrifugarea <\/strong><a style=\"font-style: normal\" href=\"https:\/\/cadredidactice.ub.ro\/wp-content\/uploads\/sites\/104\/2012\/11\/ou1-c7-centrifugarea.pdf\">ou1-c7-centrifugarea<\/a><\/li>\n<li><strong style=\"color: #000000;font-style: normal\">Incalzirea <\/strong><a style=\"font-style: normal\" href=\"https:\/\/cadredidactice.ub.ro\/wp-content\/uploads\/sites\/104\/2012\/11\/ou1-c8-incalzirea.pdf\">ou1-c8-incalzirea<\/a><\/li>\n<li><strong style=\"color: #000000;font-style: normal\">Racirea <\/strong><a style=\"font-style: normal\" href=\"https:\/\/cadredidactice.ub.ro\/wp-content\/uploads\/sites\/104\/2012\/11\/ou1-c9-racirea.pdf\">ou1-c9-racirea<\/a><\/li>\n<li><strong style=\"color: #000000;font-style: normal\">Evaporarea <\/strong><a style=\"font-style: normal\" href=\"https:\/\/cadredidactice.ub.ro\/wp-content\/uploads\/sites\/104\/2012\/11\/ou1-c10-evaporarea.pdf\">ou1-c10-evaporarea<\/a><\/li>\n<li><strong style=\"color: #000000;font-style: normal\">Condensarea <\/strong><a style=\"font-style: normal\" href=\"https:\/\/cadredidactice.ub.ro\/wp-content\/uploads\/sites\/104\/2012\/11\/ou1-c11-condensarea.pdf\">ou1-c11-condensarea<\/a><\/li>\n<li><strong>Transferul de mas\u0103, partea 1\u00a0<a href=\"https:\/\/cadredidactice.ub.ro\/wp-content\/uploads\/sites\/104\/2017\/01\/Transfer-de-masa-1.pdf\" target=\"_blank\" rel=\"noopener noreferrer\">Transfer de masa 1<\/a><\/strong><\/li>\n<li><strong>Transferul de mas\u0103, partea 2\u00a0<a href=\"https:\/\/cadredidactice.ub.ro\/wp-content\/uploads\/sites\/104\/2017\/01\/Transfer-de-masa-2.pdf\" target=\"_blank\" rel=\"noopener noreferrer\">Transfer de masa 2<\/a><\/strong><\/li>\n<li><strong>Uscarea<\/strong>\u00a0<a href=\"https:\/\/cadredidactice.ub.ro\/wp-content\/uploads\/sites\/104\/2016\/11\/Uscarea.pdf\" target=\"_blank\" rel=\"noopener noreferrer\">Uscarea<\/a><\/li>\n<li><strong>Cristalizarea\u00a0<a href=\"https:\/\/cadredidactice.ub.ro\/wp-content\/uploads\/sites\/104\/2017\/01\/Cristalizarea.pdf\" target=\"_blank\" rel=\"noopener noreferrer\">Cristalizarea<\/a><\/strong><\/li>\n<li><strong>Distilarea \u0219i rectificarea\u00a0<a href=\"https:\/\/cadredidactice.ub.ro\/wp-content\/uploads\/sites\/104\/2017\/01\/Distilarea-si-rectificarea.pdf\" target=\"_blank\" rel=\"noopener noreferrer\">Distilarea si rectificarea<\/a><\/strong><\/li>\n<li><strong>Extrac\u021bia lichid-lichid, partea 1\u00a0<a href=\"https:\/\/cadredidactice.ub.ro\/wp-content\/uploads\/sites\/104\/2017\/01\/Extractia-L-L-1.pdf\" target=\"_blank\" rel=\"noopener noreferrer\">Extractia L-L 1<\/a><\/strong><\/li>\n<li><strong>Extrac\u021bia lichid-lichid, partea 2\u00a0<a href=\"https:\/\/cadredidactice.ub.ro\/wp-content\/uploads\/sites\/104\/2017\/01\/Extractia-L-L-2.pdf\" target=\"_blank\" rel=\"noopener noreferrer\">Extractia L-L 2<\/a><\/strong><\/li>\n<li><strong>Extrac\u021bia lichid-solid\u00a0<a href=\"https:\/\/cadredidactice.ub.ro\/wp-content\/uploads\/sites\/104\/2017\/01\/EXTRACTIA-L-S.pdf\" target=\"_blank\" rel=\"noopener noreferrer\">Extractia L-S<\/a><\/strong><\/li>\n<\/ol>\n<p><strong style=\"color: #000000;font-style: normal\">Note de curs &#8222;Tehnici de separare si concentrare in biotehnologii&#8221;<\/strong><\/p>\n<ol>\n<li><strong style=\"color: #000000;font-style: normal\">Intro <\/strong><a style=\"font-style: normal\" href=\"https:\/\/cadredidactice.ub.ro\/wp-content\/uploads\/sites\/104\/2012\/10\/00.pdf\">00<\/a><\/li>\n<li><strong style=\"color: #000000;font-style: normal\">C1 <\/strong><a style=\"font-style: normal\" href=\"https:\/\/cadredidactice.ub.ro\/wp-content\/uploads\/sites\/104\/2012\/10\/01.pdf\">01<\/a><\/li>\n<li><strong style=\"color: #000000;font-style: normal\">C2 <\/strong><a style=\"font-style: normal\" href=\"https:\/\/cadredidactice.ub.ro\/wp-content\/uploads\/sites\/104\/2012\/10\/02.pdf\">02<\/a><\/li>\n<li><strong style=\"color: #000000;font-style: normal\">C3 <\/strong><a style=\"font-style: normal\" href=\"https:\/\/cadredidactice.ub.ro\/wp-content\/uploads\/sites\/104\/2012\/10\/03.pdf\">03<\/a><\/li>\n<li><strong style=\"color: #000000;font-style: normal\">C4<\/strong> <a style=\"font-style: normal\" href=\"https:\/\/cadredidactice.ub.ro\/wp-content\/uploads\/sites\/104\/2012\/10\/04.pdf\">04<\/a><\/li>\n<li><strong style=\"color: #000000;font-style: normal\">C5 <\/strong><a style=\"font-style: normal\" href=\"https:\/\/cadredidactice.ub.ro\/wp-content\/uploads\/sites\/104\/2012\/10\/05.pdf\">05<\/a><\/li>\n<li><strong style=\"color: #000000;font-style: normal\">C6<\/strong> <a style=\"font-style: normal\" href=\"https:\/\/cadredidactice.ub.ro\/wp-content\/uploads\/sites\/104\/2012\/10\/06.pdf\">06<\/a><\/li>\n<li><strong style=\"color: #000000;font-style: normal\">C7 <\/strong><a style=\"font-style: normal\" href=\"https:\/\/cadredidactice.ub.ro\/wp-content\/uploads\/sites\/104\/2012\/10\/07.pdf\">07<\/a><\/li>\n<li><strong style=\"color: #000000;font-style: normal\">C8 <\/strong><a style=\"font-style: normal\" href=\"https:\/\/cadredidactice.ub.ro\/wp-content\/uploads\/sites\/104\/2012\/10\/08.pdf\">08<\/a><\/li>\n<li><strong style=\"color: #000000;font-style: normal\">C9 <\/strong><a style=\"font-style: normal\" href=\"https:\/\/cadredidactice.ub.ro\/wp-content\/uploads\/sites\/104\/2012\/10\/09.pdf\">09<\/a><\/li>\n<\/ol>\n<p><strong style=\"color: #000000;font-style: normal\">Note de curs &#8222;Depoluarea efluentilor din industria alimentara si biotehnologii&#8221;<\/strong><\/p>\n<ol>\n<li><a href=\"https:\/\/cadredidactice.ub.ro\/wp-content\/uploads\/sites\/104\/2013\/02\/depoluare-curs-01.pdf\">depoluare-curs-01<\/a><\/li>\n<li><a href=\"https:\/\/cadredidactice.ub.ro\/wp-content\/uploads\/sites\/104\/2011\/03\/depoluare-curs-02.pdf\" target=\"_blank\" rel=\"noopener noreferrer\">Curs 02<\/a><\/li>\n<li><a href=\"https:\/\/cadredidactice.ub.ro\/wp-content\/uploads\/sites\/104\/2011\/03\/depoluare-curs-03.pdf\" target=\"_blank\" rel=\"noopener noreferrer\">Curs 03<\/a><\/li>\n<li><a href=\"https:\/\/cadredidactice.ub.ro\/wp-content\/uploads\/sites\/104\/2011\/03\/depoluare-curs-04.pdf\" target=\"_blank\" rel=\"noopener noreferrer\">Curs 04<\/a><\/li>\n<li><a href=\"https:\/\/cadredidactice.ub.ro\/wp-content\/uploads\/sites\/104\/2011\/03\/depoluare-curs-05.pdf\" target=\"_blank\" rel=\"noopener noreferrer\">Curs 05<\/a><\/li>\n<li><a href=\"https:\/\/cadredidactice.ub.ro\/wp-content\/uploads\/sites\/104\/2011\/03\/depoluare-curs-06.pdf\" target=\"_blank\" rel=\"noopener noreferrer\">Curs 06<\/a><\/li>\n<li><a href=\"https:\/\/cadredidactice.ub.ro\/wp-content\/uploads\/sites\/104\/2011\/03\/depoluare-curs-071.pdf\" target=\"_blank\" rel=\"noopener noreferrer\">Curs 07<\/a><\/li>\n<li><a href=\"https:\/\/cadredidactice.ub.ro\/wp-content\/uploads\/sites\/104\/2011\/03\/depoluare-curs-08.pdf\" target=\"_blank\" rel=\"noopener noreferrer\">Curs 08<\/a><\/li>\n<li><a href=\"https:\/\/cadredidactice.ub.ro\/wp-content\/uploads\/sites\/104\/2011\/03\/depoluare-curs-09.pdf\" target=\"_blank\" rel=\"noopener noreferrer\">Curs 09<\/a><\/li>\n<li><a href=\"https:\/\/cadredidactice.ub.ro\/wp-content\/uploads\/sites\/104\/2011\/03\/depoluare-curs-10.pdf\" target=\"_blank\" rel=\"noopener noreferrer\">Curs 10<\/a><\/li>\n<\/ol>\n<p><strong><em>Note de curs &#8222;G\u00e9nie des Proc\u00e8des de S\u00e9paration&#8221;<\/em><\/strong><\/p>\n<p><strong><em>Note de curs &#8222;Chimie Appliqu\u00e9e &#8211; Proc\u00e8des de Formulation&#8221;<\/em><\/strong><\/p>\n<h3 style=\"color: #000000;font-style: normal\"><strong><span style=\"color: #0000ff\">Manuale in format electronic:<\/span><\/strong><\/h3>\n<ol>\n<li><strong style=\"color: #000000;font-style: normal\">Fenomene de transfer vol. 1 (Transfer de impuls) <\/strong><a style=\"font-style: normal\" title=\"Vol. 1\" href=\"https:\/\/cadredidactice.ub.ro\/wp-content\/uploads\/sites\/104\/2011\/03\/fenomene-de-transfer-1.pdf\" target=\"_blank\" rel=\"noopener noreferrer\">fenomene-de-transfer-1<\/a><\/li>\n<li><strong style=\"color: #000000;font-style: normal\">Fenomene de transfer vol. 2 (Transfer de caldura si masa) <\/strong><a style=\"font-style: normal\" href=\"https:\/\/cadredidactice.ub.ro\/wp-content\/uploads\/sites\/104\/2011\/03\/fenomene-de-transfer-2.pdf\" target=\"_blank\" rel=\"noopener noreferrer\">fenomene-de-transfer-2<\/a><\/li>\n<li><strong style=\"color: #000000;font-style: normal\">Operatii unitare vol 1 <\/strong><a style=\"font-style: normal\" href=\"https:\/\/cadredidactice.ub.ro\/wp-content\/uploads\/sites\/104\/2012\/10\/operatii-unitare-vol-1.pdf\">operatii-unitare-vol-1<\/a><\/li>\n<li><strong style=\"color: #000000;font-style: normal\">Gestionarea<\/strong>, <strong style=\"color: #000000;font-style: normal\">valorificarea si minimizarea deseurilor industriei alimentare<\/strong> <a style=\"font-style: normal\" href=\"https:\/\/cadredidactice.ub.ro\/wp-content\/uploads\/sites\/104\/2011\/03\/gavrila-gestionarea-valorificarea-si-minimizarea-desurilor-industriei-alimentare.pdf\" target=\"_blank\" rel=\"noopener noreferrer\">gavrila-gestionarea-valorificarea-si-minimizarea-desurilor-industriei-alimentare<\/a><\/li>\n<li><strong style=\"color: #000000;font-style: normal\">Tehnici de separare si concentrare in biotehnologii <\/strong><a style=\"font-style: normal\" href=\"https:\/\/cadredidactice.ub.ro\/wp-content\/uploads\/sites\/104\/2011\/03\/curs-tscb-2007-2008.pdf\" target=\"_blank\" rel=\"noopener noreferrer\">curs-tscb-2007-2008<\/a><\/li>\n<li><strong style=\"color: #000000;font-style: normal\">Biotehnologii de depoluare si remediere a solului<\/strong> <a style=\"font-style: normal\" href=\"https:\/\/cadredidactice.ub.ro\/wp-content\/uploads\/sites\/104\/2011\/03\/gavrila-biotehnologii-de-depoluare-si-remediere-a-solului.pdf\" target=\"_blank\" rel=\"noopener noreferrer\">gavrila-biotehnologii-de-depoluare-si-remediere-a-solului<\/a><\/li>\n<\/ol>\n","protected":false},"excerpt":{"rendered":"<p>De aici puteti vizualiza sau descarca o parte din bibliografia recomandata la curs: Note de curs &#8222;Fenomene de transfer si operatii unitare&#8221; FDTOU 01 FDTOU 02 FDTOU 03 FDTOU 04 FDTOU 05 FDTOU 06 FDTOU 07 FDTOU 5-7 sinteza fdtou-curs-08 fdtou-curs-09 fdtou-curs-10 fdtou-curs-11 fdtou-curs-12 \u00a0Cursurile 8-12 se refera la TRANSFERUL DE CALDURA. Schimbatoare de caldura &hellip; <a href=\"https:\/\/cadredidactice.ub.ro\/gavrilalucian\/studenti\/\" class=\"more-link\">Continu\u0103 lectura <span class=\"screen-reader-text\">Note de curs, bibliografie<\/span> <span class=\"meta-nav\">&rarr;<\/span><\/a><\/p>\n","protected":false},"author":1,"featured_media":0,"parent":0,"menu_order":2,"comment_status":"closed","ping_status":"closed","template":"","meta":{"footnotes":""},"class_list":["post-7","page","type-page","status-publish","hentry"],"_links":{"self":[{"href":"https:\/\/cadredidactice.ub.ro\/gavrilalucian\/wp-json\/wp\/v2\/pages\/7","targetHints":{"allow":["GET"]}}],"collection":[{"href":"https:\/\/cadredidactice.ub.ro\/gavrilalucian\/wp-json\/wp\/v2\/pages"}],"about":[{"href":"https:\/\/cadredidactice.ub.ro\/gavrilalucian\/wp-json\/wp\/v2\/types\/page"}],"author":[{"embeddable":true,"href":"https:\/\/cadredidactice.ub.ro\/gavrilalucian\/wp-json\/wp\/v2\/users\/1"}],"replies":[{"embeddable":true,"href":"https:\/\/cadredidactice.ub.ro\/gavrilalucian\/wp-json\/wp\/v2\/comments?post=7"}],"version-history":[{"count":13,"href":"https:\/\/cadredidactice.ub.ro\/gavrilalucian\/wp-json\/wp\/v2\/pages\/7\/revisions"}],"predecessor-version":[{"id":1571,"href":"https:\/\/cadredidactice.ub.ro\/gavrilalucian\/wp-json\/wp\/v2\/pages\/7\/revisions\/1571"}],"wp:attachment":[{"href":"https:\/\/cadredidactice.ub.ro\/gavrilalucian\/wp-json\/wp\/v2\/media?parent=7"}],"curies":[{"name":"wp","href":"https:\/\/api.w.org\/{rel}","templated":true}]}}