{"id":14,"date":"2011-02-10T00:42:54","date_gmt":"2011-02-09T22:42:54","guid":{"rendered":"http:\/\/cadredidactice.ub.ro\/drobcatalin\/?page_id=14"},"modified":"2011-02-14T15:12:06","modified_gmt":"2011-02-14T13:12:06","slug":"anunturi","status":"publish","type":"page","link":"https:\/\/cadredidactice.ub.ro\/drobcatalin\/anunturi\/","title":{"rendered":"Anunturi"},"content":{"rendered":"<p>Aici vor afi\u015fate informa\u0163ii care vor fi necesare studen\u0163ilor.<\/p>\n","protected":false},"excerpt":{"rendered":"<p>Aici vor afi\u015fate informa\u0163ii care vor fi necesare studen\u0163ilor.<\/p>\n","protected":false},"author":27,"featured_media":0,"parent":0,"menu_order":0,"comment_status":"closed","ping_status":"closed","template":"","meta":{"footnotes":""},"class_list":["post-14","page","type-page","status-publish","hentry"],"_links":{"self":[{"href":"https:\/\/cadredidactice.ub.ro\/drobcatalin\/wp-json\/wp\/v2\/pages\/14","targetHints":{"allow":["GET"]}}],"collection":[{"href":"https:\/\/cadredidactice.ub.ro\/drobcatalin\/wp-json\/wp\/v2\/pages"}],"about":[{"href":"https:\/\/cadredidactice.ub.ro\/drobcatalin\/wp-json\/wp\/v2\/types\/page"}],"author":[{"embeddable":true,"href":"https:\/\/cadredidactice.ub.ro\/drobcatalin\/wp-json\/wp\/v2\/users\/27"}],"replies":[{"embeddable":true,"href":"https:\/\/cadredidactice.ub.ro\/drobcatalin\/wp-json\/wp\/v2\/comments?post=14"}],"version-history":[{"count":0,"href":"https:\/\/cadredidactice.ub.ro\/drobcatalin\/wp-json\/wp\/v2\/pages\/14\/revisions"}],"wp:attachment":[{"href":"https:\/\/cadredidactice.ub.ro\/drobcatalin\/wp-json\/wp\/v2\/media?parent=14"}],"curies":[{"name":"wp","href":"https:\/\/api.w.org\/{rel}","templated":true}]}}

<p>Aici vor afişate informaţii care vor fi necesare studenţilor.</p>
