{"id":10,"date":"2015-10-24T20:35:35","date_gmt":"2015-10-24T18:35:35","guid":{"rendered":"http:\/\/cadredidactice.ub.ro\/cristutaalina\/?page_id=10"},"modified":"2015-12-04T00:04:24","modified_gmt":"2015-12-03T22:04:24","slug":"curriculum-vitae","status":"publish","type":"page","link":"https:\/\/cadredidactice.ub.ro\/cristutaalina\/curriculum-vitae\/","title":{"rendered":"Curriculum Vitae"},"content":{"rendered":"\n<p>Curriculum Vitae<br \/>\nEuropass\t<\/p>\n<p>Informa\u0163ii personale<br \/>\nNume \/ Prenume \tCristu\u0163\u0103 Mihaela-Alina<br \/>\nAdresa(e)\tStr. M\u0103r\u0103\u015fe\u015fti, nr. 157, Bac\u0103u (Rom\u00e2nia)<br \/>\nTelefon(oane)\t0234.51.77.15<br \/>\nFax(uri)\t0234.51.77.15<br \/>\nE-mail(uri)\t   cristuta.alina@ub.ro<br \/>\nNa\u0163ionalitate(-t\u0103\u0163i)\trom\u00e2n\u0103 <\/p>\n<p>Experien\u0163a profesional\u0103\t<\/p>\n<p>Perioada        01\/07\/2015 &#8211; prezent<br \/>\nFunc\u0163ia sau postul ocupat       Asistent universitar<br \/>\nPerioada\t25\/02\/2008 &#8211; 30\/06\/2015<br \/>\nFunc\u0163ia sau postul ocupat\tPreparator universitar<br \/>\nNumele \u015fi adresa angajatorului\tDepartamentul de Kinetoterapie \u015fi Terapie ocupa\u0163ional\u0103, Facultatea de \u015etiin\u0163e ale Mi\u015fc\u0103rii, Sportului \u015fi S\u0103n\u0103t\u0103\u0163ii, Universitatea \u201eVasile Alecsandri\u201d din Bac\u0103u, Bac\u0103u (Rom\u00e2nia)<br \/>\nTipul activit\u0103\u0163ii sau sectorul de activitate\t\u00cenv\u0103\u0163\u0103m\u00e2nt<br \/>\nPrincipalele activit\u0103\u0163i \u015fi responsabilit\u0103\u0163i\t\uf0fc\tActivitate didactic\u0103 &#8211; disciplinele: Kinetoterapia \u00een geriatrie-gerontologie, Educa\u021bie pentru s\u0103n\u0103tate \u0219i prim ajutor, Kinetoprofilaxie secundar\u0103 \u0219i ter\u021biar\u0103, M\u0103surare \u0219i evaluare \u00een kinetoterapie, Tehnici de manevrare a bolnavului, Semiologie, Anatomia viscerelor \u0219i a sistemului nervos, Elemente de fizioterapie;<br \/>\n\uf0fc\tElaborarea a 4 suporturi de curs pentru desf\u0103\u0219urarea activit\u0103\u021bii didactice: Semiologie \u2013 caiet de lucr\u0103ri practice pentru studen\u021bii \u00eenscri\u0219i la \u00eenv\u0103\u021b\u0103m\u00e2nt cu frecven\u021b\u0103 \u0219i frecven\u021b\u0103 redus\u0103, Cristu\u021b\u0103 Alina Mihaela, ISBN  978-606-527-370-2, Anul  2014, p.110, Editura Alma Mater, Bac\u0103u;  Kinetoterapia \u00een Geriatrie-Gerontologie &#8211; curs pentru studen\u021bii \u00eenscri\u0219i la \u00eenv\u0103\u021b\u0103m\u00e2nt cu frecven\u021b\u0103 \u0219i frecven\u021b\u0103 redus\u0103, Ochian\u0103 Gabriela, Cristu\u021b\u0103 Alina Mihaela, ISBN  978-606-527-324-5, Anul 2013, p. 103, Editura Alma Mater, Bac\u0103u; Educa\u021bie pentru s\u0103n\u0103tate \u0219i prim ajutor &#8211; curs studii de licen\u021b\u0103, Balint Tatiana, Cristu\u021b\u0103 Alina Mihaela,  ISBN 978-606-527-285-9, Anul 2013, p. 134, Editura Alma Mater, Bac\u0103u; Kinetoterapia \u00een geriatrie-gerontologie &#8211; caiet de lucr\u0103ri practice, Cristu\u0163\u0103 Alina-Mihaela, ISBN 978-606-527-057-2, Anul 2009, p. 143, Editura Alma Mater, Bac\u0103u;<br \/>\n\uf0fc\t\u00cendrum\u0103tor an: 2010-2013 KMS IF, 2013-prezent KMS ID\/IFR;<br \/>\n\uf0fc\tMembr\u0103 \u00een cadrul &#8222;Centrului de cercet\u0103ri pentru performan\u0163\u0103 uman\u0103&#8221; al Departamentului de<br \/>\nKinetoterapie \u015fi Terapie ocupa\u0163ional\u0103 din cadrul Facult\u0103\u0163ii de \u015etiin\u0163e ale Mi\u015fc\u0103rii, Sportului \u015fi S\u0103n\u0103t\u0103\u0163ii a Universit\u0103\u0163ii &#8222;Vasile Alecsandri&#8221; din Bac\u0103u, (2013-prezent);<br \/>\n\uf0fc\tAc\u021biune de voluntariat dedicat\u0103 persoanelor cu dizabilit\u0103\u021bi, derulat\u0103 sub motto-ul &#8222;Cel mai frumos ou de Pa\u0219ti&#8221;, \u00eempreun\u0103 cu DGASPC Bac\u0103u, studen\u021bii anului III Kinetoterapie \u0219i motricitate special\u0103 \u0219i Asocia\u021bia Lumina &#8222;Hospice Casa Albert&#8221; Bac\u0103u, (05.04.2012);<br \/>\n\uf0fc\tAc\u021biune de voluntariat desf\u0103\u0219urat\u0103 \u00eempreun\u0103 cu studen\u021bii anului I Kinetoterapie \u0219i motricitate special\u0103 ID\/IFR, &#8222;Z\u00e2mbet pentru un copil&#8221;, (17.12.2013);<br \/>\n\uf0fc\tMembr\u0103 \u00een comisiile de admitere (2009-2012);<br \/>\n\uf0fc\tMembr\u0103 \u00een comisia de calitate (2008-2010);<br \/>\n\uf0fc\tMembr\u0103 \u00een comisia de cercetare (2012-2019);<br \/>\n\uf0fc       Membr\u0103 \u00een ENOTHE (Re\u0163eaua European\u0103 de \u00cenv\u0103\u0163\u0103m\u00e2nt Superior de Terapie Ocupa\u0163ional\u0103) (din anul 2011);<br \/>\n\uf0fc\tResponsabil\u0103 &#8211; \u00eentocmirea orarului (2008-2012; 2014-2016);<br \/>\n\uf0fc\tMembr\u0103 \u00een colectivul de organizare a sesiunilor na\u0163ionale studen\u0163e\u015fti ale facult\u0103\u0163ii (2008-prezent);<br \/>\n\uf0fc\tMembr\u0103 \u00een colectivul de organizare a conferin\u0163elor interna\u0163ionale ale facult\u0103\u0163ii (2008-prezent);<br \/>\n\uf0fc\tCoordonator lucr\u0103ri licen\u0163\u0103 (2008-prezent).<\/p>\n<p>Perioada\t01\/10\/2007 &#8211; 24\/02\/2008<br \/>\nFunc\u0163ia sau postul ocupat\tPreparator universitar suplinitor<br \/>\nNumele \u015fi adresa angajatorului\tCatedra de Kinetoterapie a Facult\u0103\u0163ii de \u015etiin\u0163e ale Mi\u015fc\u0103rii, Sportului \u015fi S\u0103n\u0103t\u0103\u0163ii, Universitatea \u201eVasile Alecsandri\u201d din Bac\u0103u, Bac\u0103u (Rom\u00e2nia)<br \/>\nTipul activit\u0103\u0163ii sau sectorul de activitate\t\u00cenv\u0103\u0163\u0103m\u00e2nt<br \/>\nPrincipalele activit\u0103\u0163i \u015fi responsabilit\u0103\u0163i\t   Activitate didactic\u0103 &#8211; disciplinele: Kinetoterapia \u00een geriatrie-gerontologie, Preven\u0163ie \u015fi educa\u0163ie \u00een afec\u0163iuni respiratorii, cardiace \u015fi vasculare;<br \/>\n   Membr\u0103 \u00een colectivul de organizare a sesiunilor na\u0163ionale studen\u0163e\u015fti ale facult\u0103\u0163ii;<br \/>\n   Membr\u0103 \u00een colectivul de organizare a conferin\u0163elor interna\u0163ionale ale facult\u0103\u0163ii;<\/p>\n<p>Perioada\t10\/2005 &#8211; 07\/2006<br \/>\nFunc\u0163ia sau postul ocupat\tKinetoterapeut \u2013 voluntar<br \/>\nNumele \u015fi adresa angajatorului\tDirec\u0163ia General\u0103 de Asisten\u0163\u0103 Social\u0103 \u015fi Protec\u0163ia Copilului Bac\u0103u<br \/>\nstr. Condorilor nr. 2, Bac\u0103u (Rom\u00e2nia)<br \/>\nTipul activit\u0103\u0163ii sau sectorul de activitate\tActivit\u0103\u0163i privind s\u0103n\u0103tatea uman\u0103 \u015fi asisten\u0163a social\u0103<\/p>\n<p>Educa\u0163ie \u015fi formare\t<\/p>\n<p>Perioada\t   01\/10\/2011-06\/02\/2015<br \/>\nCalificarea\/diploma ob\u0163inut\u0103\tDiplom\u0103 de Doctor<br \/>\nDisciplinele principale studiate\/competen\u0163ele profesionale\t\u0218tiin\u021bele motricit\u0103\u021bii umane<br \/>\nNumele \u015fi tipul institu\u0163iei de \u00eenv\u0103\u0163\u0103m\u00e2nt\/furnizorului de formare\tUniversitatea Na\u021bional\u0103 de Educa\u021bie fizic\u0103 \u0219i Sport, Bucure\u0219ti<\/p>\n<p>Perioada\t27\/10\/2013 &#8211; 03\/11\/2013<br \/>\nCalificarea\/diploma ob\u0163inut\u0103\tCertificat de absolvire<br \/>\nDisciplinele principale studiate\/competen\u0163ele profesionale\tCurs de ini\u021biere \u00een Terapia Yumeiho (gradul I)<br \/>\nNumele \u015fi tipul institu\u0163iei de \u00eenv\u0103\u0163\u0103m\u00e2nt\/furnizorului de formare\tSocietatea Rom\u00e2n\u0103 de Yumeiho Timi\u0219oara <\/p>\n<p>Perioada\t2011 &#8211; 2015<br \/>\nCalificarea\/diploma ob\u0163inut\u0103\tcursant al proiectului POSTDRU\/86\/1.2\/S\/63545 \u2033Terapia Ocupa\u0163ional\u0103 \u015fi ingineria aplicat\u0103 \u00een echipamente pentru reabilitare \u015fi tehnologie asistativ\u0103 \u2013 specializ\u0103ri universitare europene, nou introduse \u00een Rom\u00e2nia, pentru o societate bazat\u0103 pe cunoa\u015ftere \u015fi egalitate de \u015fanse\u2033<br \/>\nDisciplinele principale studiate\/competen\u0163ele profesionale<br \/>\nNumele \u015fi tipul institu\u0163iei de \u00eenv\u0103\u0163\u0103m\u00e2nt\/furnizorului de formare\tUniversitatea \u201eVasile Alecsandri\u201d din Bac\u0103u, Bac\u0103u (Rom\u00e2nia)<br \/>\nPerioada\t2007 &#8211; 2009<br \/>\nCalificarea\/diploma ob\u0163inut\u0103\tDiplom\u0103 de master<br \/>\nDisciplinele principale studiate\/competen\u0163ele profesionale dob\u00e2ndite\tRecuperarea sechelelor posttraumatice ale \u0163esutului cutanat \u015fi subcutanat<br \/>\nNumele \u015fi tipul institu\u0163iei de \u00eenv\u0103\u0163\u0103m\u00e2nt\/furnizorului de formare\tFacultatea de \u015etiin\u0163e ale Mi\u015fc\u0103rii, Sportului \u015fi S\u0103n\u0103t\u0103\u0163ii, Universitatea \u201eVasile Alecsandri\u201d din Bac\u0103u (Studii postuniversitare), Bac\u0103u (Rom\u00e2nia)<br \/>\nNivelul \u00een clasificarea na\u0163ional\u0103 sau interna\u0163ional\u0103\tISCED 5A<\/p>\n<p>Perioada\t2003 &#8211; 2007<br \/>\nCalificarea\/diploma ob\u0163inut\u0103\tDiplom\u0103 de Licen\u0163\u0103<br \/>\nDisciplinele principale studiate\/competen\u0163ele profesionale dob\u00e2ndite\tAnatomie, fiziopatologie;<br \/>\nKinetoterapia \u00een afec\u0163iunile ortopedico-traumatice, cardio-vasculare, respiratorii \u015fi neurologice;<br \/>\nKinetoterapia \u00een afec\u0163iunile reumatologice, pediatrice \u015fi geriatrice;<br \/>\nTehnici complementare de masaj terapeutic recuperator;<br \/>\nNumele \u015fi tipul institu\u0163iei de \u00eenv\u0103\u0163\u0103m\u00e2nt\/furnizorului de formare\tFacultatea de \u015etiin\u0163e ale Mi\u015fc\u0103rii, Sportului \u015fi S\u0103n\u0103t\u0103\u0163ii, Sec\u0163ia Kinetoterapie, Universitatea \u201eVasile Alecsandri\u201d din Bac\u0103u, Bac\u0103u (Rom\u00e2nia)<br \/>\nNivelul \u00een clasificarea na\u0163ional\u0103 sau interna\u0163ional\u0103\tISCED 4B<\/p>\n<p>Perioada\t2008<br \/>\nCalificarea\/diploma ob\u0163inut\u0103\tCertificat de absolvire a Modulului psihopedagogic<br \/>\nNumele \u015fi tipul institu\u0163iei de \u00eenv\u0103\u0163\u0103m\u00e2nt\/furnizorului de formare\tDepartamentul pentru Formarea Personalului Didactic, Universitatea \u201eVasile Alecsandri\u201d din Bac\u0103u, Bac\u0103u (Rom\u00e2nia)<\/p>\n<p>Perioada\t2007 &#8211; 2010<br \/>\nCalificarea\/diploma ob\u0163inut\u0103\tDiplom\u0103 de absolvire<br \/>\nNumele \u015fi tipul institu\u0163iei de \u00eenv\u0103\u0163\u0103m\u00e2nt\/furnizorului de formare\t\u015ecoala Sanitar\u0103 \u201eChristiana\u201d, specializarea Asistent farmacie (Cursuri postliceale), Bac\u0103u (Rom\u00e2nia)<\/p>\n<p>Perioada\t14-18\/12\/2013<br \/>\nCalificarea\/diploma ob\u0163inut\u0103\t   Certificat de absolvire<br \/>\nNumele \u015fi tipul institu\u0163iei de \u00eenv\u0103\u0163\u0103m\u00e2nt\/furnizorului de formare\tCurs de instruire \u0219i formare \u00een calitate \u00een \u00eenv\u0103\u021b\u0103m\u00e2ntul superior, organizat de Universitatea Spiru Haret \u00een parteneriat cu Universitatea Na\u021bional\u0103 de Ap\u0103rare Carol I, \u00een cadrul proiectului POSTDRU\/86\/1.2\/S\/62249 &#8222;Calitate european\u0103 \u00een \u00eenv\u0103\u021b\u0103m\u00e2ntul superior&#8221;<\/p>\n<p>Perioada\t26\/11\/2013<br \/>\nCalificarea\/diploma ob\u0163inut\u0103\tCertificat de absolvire<br \/>\nNumele \u015fi tipul institu\u0163iei de \u00eenv\u0103\u0163\u0103m\u00e2nt\/furnizorului de formare\t   &#8222;Programul de formare \u0219i con\u0219tientizare \u00een asigurarea calit\u0103\u021bii \u00een \u00eenv\u0103\u021b\u0103m\u00e2ntul la distan\u021b\u0103 &#8211; ID&#8221;, organizat \u0219i desf\u0103\u0219urat de Universitatea Spiru Haret, \u00een parteneriat cu Academia Comercial\u0103 din Satu Mare \u0219i T\u00dcV Austria-Rom\u00e2nia, \u00een cadrul Proiectului POSTDRU\/86\/1.2\/S\/60720 Dezvoltarea \u0219i implementarea unui system de monitorizare, \u00eembun\u0103t\u0103\u021bire continua \u0219i evaluare a calit\u0103\u021bii \u00een \u00eenv\u0103\u021b\u0103m\u00e2ntul superior deschis \u0219i la distan\u021b\u0103 pe baza indicatorilor de performan\u021b\u0103 \u0219i standardelor internationale de calitate (noiembrie 2013);<\/p>\n<p>Perioada\t25\/10\/2012<br \/>\nCalificarea\/diploma ob\u0163inut\u0103\tCertificat de participare<br \/>\nNumele \u015fi tipul institu\u0163iei de \u00eenv\u0103\u0163\u0103m\u00e2nt\/furnizorului de formare\t&#8222;Furnizarea scaunelor rulante cu antrenare manual\u0103&#8221;, organizat de Funda\u021bia Motivation, Rom\u00e2nia, Bac\u0103u<\/p>\n<p>Perioada\t24-26\/11\/2011<br \/>\nCalificarea\/diploma ob\u0163inut\u0103\tDiplom\u0103 de participare<br \/>\nNumele \u015fi tipul institu\u0163iei de \u00eenv\u0103\u0163\u0103m\u00e2nt\/furnizorului de formare\tConferin\u021ba \u0218tiin\u021bific\u0103 Interna\u021bional\u0103 &#8222;Standarde europene \u00een formarea speciali\u0219tilor din domeniul educa\u021bie fizic\u0103 \u0219i sport&#8221;, organizat\u0103 \u00een cadrul proiectului Profesionalizarea carierei didactice \u00een educa\u021bie fizic\u0103 \u0219i sport din perspectiva form\u0103rii continue (POSTDRU\/19\/1.3\/G\/13096), cofinan\u021bat din FSE prin POSTDRU 2007-2013, Bucure\u0219ti<\/p>\n<p>Perioada\t10\/2008 &#8211; 12\/2008<br \/>\nCalificarea\/diploma ob\u0163inut\u0103\tCertificat de absolvire<br \/>\nNumele \u015fi tipul institu\u0163iei de \u00eenv\u0103\u0163\u0103m\u00e2nt\/furnizorului de formare\tCurs de informare privind \u201eIntroducerea \u00een managementul de proiect\u201d, Asocia\u0163ia de Dezvoltare Economic\u0103 Local\u0103 \u2013 Universitatea \u201eVasile Alecsandri\u201d din Bac\u0103u, Bac\u0103u (Rom\u00e2nia)<\/p>\n<p>Perioada\t06\/2008 &#8211; 06\/2008<br \/>\nCalificarea\/diploma ob\u0163inut\u0103\tCertificat de absolvire<br \/>\nNumele \u015fi tipul institu\u0163iei de \u00eenv\u0103\u0163\u0103m\u00e2nt\/furnizorului de formare\tCurs: \u201eInformarea \u015fi educarea despre mediul \u00eenconjur\u0103tor\u201d, Universitatea \u201eVasile Alecsandri\u201d din Bac\u0103u (Rom\u00e2nia)<\/p>\n<p>Perioada\t04\/2008 &#8211; 04\/2008<br \/>\nCalificarea\/diploma ob\u0163inut\u0103\tDiplom\u0103 de participare<br \/>\nNumele \u015fi tipul institu\u0163iei de \u00eenv\u0103\u0163\u0103m\u00e2nt\/furnizorului de formare\tCursul \u201eFormation Practique \u00e0 \u013eexamen et la Re\u00e9ducation de \u013eH\u00e9mipl\u00e9gie\u201d, sus\u0163inut de kinetoterapeutul St\u00e9phanie Bernelle \u2013 Ecole de Kin\u00e9sitherapie, Grenoble, France, sus\u0163inut la Universitatea \u201eVasile Alecsandri\u201d din Bac\u0103u (Cursuri de perfec\u0163ionare), Bac\u0103u (Rom\u00e2nia)<\/p>\n<p>Aptitudini \u015fi competen\u0163e personale\t<\/p>\n<p>Limba matern\u0103\tRom\u00e2n\u0103<\/p>\n<p>Limbi str\u0103ine cunoscute<br \/>\nAutoevaluare\t\t\u00cen\u0163elegere\tVorbire\tScriere<br \/>\nNivel european (*)\t\tAscultare\tCitire\tParticipare la conversa\u0163ie\tDiscurs oral<br \/>\nItalian\u0103\t\tC1 \tUtilizator experimentat \tC1 \tUtilizator experimentat \tC1 \tUtilizator experimentat \tC1 \tUtilizator experimentat \tB2 \tUtilizator independent<br \/>\nEnglez\u0103\t\tB1 \tUtilizator independent \tB2 \tUtilizator independent \tB1 \tUtilizator independent \tB1 \tUtilizator independent \tA2 \tUtilizator elementar<br \/>\n\t(*) Cadrului european comun de referin\u0163\u0103 pentru limbi <\/p>\n<p>Competen\u0163e \u015fi abilit\u0103\u0163i sociale\tCapacitate de interrela\u0163ionare;<br \/>\nAbilit\u0103\u0163i de comunicare;<br \/>\nCapacitate de lucru \u00een echip\u0103, spirit de echip\u0103;<\/p>\n<p>Competen\u0163e \u015fi aptitudini organizatorice\tCapacitate de analiz\u0103 \u015fi sintez\u0103;<br \/>\nCapacitate de rezolvare a problemelor;<br \/>\nCapacitate de organizare \u015fi coordonare;<br \/>\nCapacitate de autocontrol \u015fi de adaptare la situa\u0163ii diverse;<\/p>\n<p>Activit\u0103\u0163i \u00een contextul c\u0103rora s-au exercitat aptitudinile sociale \u015fi organizatorice\tActivit\u0103\u0163i didactice cu studen\u0163ii;<br \/>\nActivit\u0103\u0163i de recuperare cu pacien\u0163ii;<br \/>\nLucru \u00een echipe interdisciplinare de recuperare;<br \/>\nParticip\u0103ri la \u00eent\u00e2lniri de lucru, \u00een cadrul domeniului \u015fi al specializ\u0103rii.;<\/p>\n<p>Apartenen\u0163a la societ\u0103\u0163i \u015ftiin\u0163ifice \u00een cadrul c\u0103rora s-au exercitat aptitudinile sociale \u015fi organizatorice\tMembr\u0103 \u00een Asocia\u0163ia Rom\u00e2n\u0103 de Algeziologie (AAR) &#8211;  din anul 2007;<br \/>\n   Membr\u0103 \u00een Asocia\u0163ia Kinetoterapeu\u0163ilor din Bac\u0103u &#8211; din anul 2007;<br \/>\n   Membr\u0103 \u00een Ordinul Asisten\u021bilor Medicali Generali\u0219ti, Moa\u0219elor \u0219i Asisten\u021bilor Medicali din Rom\u00e2nia;<br \/>\n   Membr\u0103 a Consiliului \u015etiin\u0163ei Sportului din Rom\u00e2nia &#8211; din anul 2008.<\/p>\n<p>Alte activit\u0103\u0163i care atest\u0103 aptitudinile \u015fi competen\u0163ele sociale \u015fi organizatorice\tMembr\u0103 \u00een Comisia de Cercetare a Departamentului de Kinetoterapie \u015fi Terapie ocupa\u0163ional\u0103, Facultatea de \u015etiin\u0163e ale Mi\u015fc\u0103rii, Sportului \u015fi S\u0103n\u0103t\u0103\u0163ii, din cadrul Universit\u0103\u0163ii \u201eVasile Alecsandri\u201d din Bac\u0103u, 2012-2019;<br \/>\nMembr\u0103 \u00een Comisia de Calitate a Departamentului de Kinetoterapie \u015fi Terapie ocupa\u0163ional\u0103, Facultatea de \u015etiin\u0163e ale Mi\u015fc\u0103rii, Sportului \u015fi S\u0103n\u0103t\u0103\u0163ii, din cadrul Universit\u0103\u0163ii \u201eVasile Alecsandri\u201d din Bac\u0103u, 2008-2010;<\/p>\n<p>Membr\u0103 \u00een colectivul de organizare a Sesiunilor na\u0163ionale studen\u0163e\u015fti din cadrul Facult\u0103\u0163ii de \u015etiin\u0163e ale Mi\u015fc\u0103rii, Sportului \u015fi S\u0103n\u0103t\u0103\u0163ii, Universitatea \u201eVasile Alecsandri\u201d din Bac\u0103u;<br \/>\nMembr\u0103 \u00een colectivul de organizare a Conferin\u0163elor interna\u0163ionale din cadrul Facult\u0103\u0163ii de \u015etiin\u0163e ale Mi\u015fc\u0103rii, Sportului \u015fi S\u0103n\u0103t\u0103\u0163ii, Universitatea \u201eVasile Alecsandri\u201d din Bac\u0103u;<br \/>\nCoordonator Centrul de Voluntariat \u2033Avon \u2013 Stop Cancer la S\u00e2n\u2033, Bac\u0103u.<\/p>\n<p>Competen\u0163e \u015fi aptitudini tehnice\tUtilizare aparatur\u0103 multimedia: camer\u0103 video, scanner, videoproiector, retroproiector, video.<\/p>\n<p>Competen\u0163e \u015fi aptitudini de utilizare a calculatorului\tWindows XP\/Vista<br \/>\nMicrosoft Office (Word, Excel, Powerpoint)<br \/>\nPermis de conducere\tCategoria B<\/p>\n<p>Alte competen\u0163e \u015fi aptitudini\tAptitudini \u015fi competen\u0163e pentru cercetare, concretizate \u00een:<br \/>\n&#8211; elaborarea \u015fi publicarea de lucr\u0103ri \u015ftiin\u0163ifice;<br \/>\n&#8211; elaborarea de materiale didactice pentru studen\u0163i.<\/p>\n<p>Informa\u0163ii suplimentare\tProf. univ. dr. M\u00e2rza-D\u0103nil\u0103 D\u0103nu\u0163-Nicu \u2013 Decan al Facult\u0103\u0163ii de \u015etiin\u0163e ale Mi\u015fc\u0103rii, Sportului \u015fi S\u0103n\u0103t\u0103\u0163ii, Universitatea \u201eVasile Alecsandri\u201d Bac\u0103u;<br \/>\nConf. univ. dr. Alexe Dan-Iulian \u2013 Director Departament Kinetoterapie \u015fi Terapie ocupa\u0163ional\u0103, Facultatea de \u015etiin\u0163e ale Mi\u015fc\u0103rii, Sportului \u015fi S\u0103n\u0103t\u0103\u0163ii, Universitatea \u201eVasile Alecsandri\u201d Bac\u0103u.<\/p>\n","protected":false},"excerpt":{"rendered":"<p>Curriculum Vitae Europass Informa\u0163ii personale Nume \/ Prenume Cristu\u0163\u0103 Mihaela-Alina Adresa(e) Str. M\u0103r\u0103\u015fe\u015fti, nr. 157, Bac\u0103u (Rom\u00e2nia) Telefon(oane) 0234.51.77.15 Fax(uri) 0234.51.77.15 E-mail(uri) cristuta.alina@ub.ro Na\u0163ionalitate(-t\u0103\u0163i) rom\u00e2n\u0103 Experien\u0163a profesional\u0103 Perioada 01\/07\/2015 &#8211; prezent Func\u0163ia sau postul ocupat Asistent universitar Perioada 25\/02\/2008 &#8211; &hellip;<\/p>\n<p class=\"read-more\"><a href=\"https:\/\/cadredidactice.ub.ro\/cristutaalina\/curriculum-vitae\/\">Continue reading<\/a><\/p>\n","protected":false},"author":56,"featured_media":0,"parent":0,"menu_order":0,"comment_status":"closed","ping_status":"closed","template":"","meta":{"footnotes":""},"class_list":["post-10","page","type-page","status-publish","hentry"],"_links":{"self":[{"href":"https:\/\/cadredidactice.ub.ro\/cristutaalina\/wp-json\/wp\/v2\/pages\/10","targetHints":{"allow":["GET"]}}],"collection":[{"href":"https:\/\/cadredidactice.ub.ro\/cristutaalina\/wp-json\/wp\/v2\/pages"}],"about":[{"href":"https:\/\/cadredidactice.ub.ro\/cristutaalina\/wp-json\/wp\/v2\/types\/page"}],"author":[{"embeddable":true,"href":"https:\/\/cadredidactice.ub.ro\/cristutaalina\/wp-json\/wp\/v2\/users\/56"}],"replies":[{"embeddable":true,"href":"https:\/\/cadredidactice.ub.ro\/cristutaalina\/wp-json\/wp\/v2\/comments?post=10"}],"version-history":[{"count":0,"href":"https:\/\/cadredidactice.ub.ro\/cristutaalina\/wp-json\/wp\/v2\/pages\/10\/revisions"}],"wp:attachment":[{"href":"https:\/\/cadredidactice.ub.ro\/cristutaalina\/wp-json\/wp\/v2\/media?parent=10"}],"curies":[{"name":"wp","href":"https:\/\/api.w.org\/{rel}","templated":true}]}}