{"id":563,"date":"2012-02-03T10:43:45","date_gmt":"2012-02-03T08:43:45","guid":{"rendered":"http:\/\/cadredidactice.ub.ro\/crinelraveica\/?page_id=563"},"modified":"2024-05-02T12:35:05","modified_gmt":"2024-05-02T10:35:05","slug":"grafica-asistata","status":"publish","type":"page","link":"https:\/\/cadredidactice.ub.ro\/crinelraveica\/","title":{"rendered":"Grafica asistat\u0103\/Infografic\u0103"},"content":{"rendered":"<p><strong>Modul instruire Siemens Solid Edge (facebook group)<a href=\"https:\/\/www.facebook.com\/groups\/1856996374522584\/#\" target=\"_blank\" rel=\"noopener noreferrer\"><img loading=\"lazy\" decoding=\"async\" class=\"aligncenter\" src=\"https:\/\/cdn0.iconfinder.com\/data\/icons\/social-flat-rounded-rects\/512\/facebook-512.png\" alt=\"Imagini pentru icon face\" width=\"43\" height=\"43\" \/><\/a><\/strong><\/p>\n<p style=\"text-align: right\">&#8222;<b>Dac\u0103 ai planuri pe 1 an, seaman\u0103 orez, dac\u0103 ai planuri pe 10 ani, planteaz\u0103 copaci, dac\u0103 ai planuri pe toat\u0103 durata vie\u021bii, educ\u0103 oameni\u201d<\/b><em>un vechi proverb chinezesc<\/em><\/p>\n<p>Dat\u0103 fiind decizia Ministerului invatamantului de suspendare a activitatii didactice am deschis Platforma de instruire online <a title=\"acces cu user si parola\" href=\"http:\/\/www.easyclass.com\/sections\/49817\/updates\">Suport curs si lucrari practice<\/a> cod acces 1FW1-3KRX<\/p>\n<p>V\u0103 inform\u0103m faptul c\u0103 activit\u0103\u021bile didactice se pot desf\u0103\u0219ura online prin intermediul platformei <strong>Microsoft Teams<\/strong>. \u00a0Aplica\u021bia poate fi utilizat\u0103 at\u00e2t \u00een varianta desktop c\u00e2t \u0219i mobil\u0103 (aplica\u021bie disponibil\u0103 \u00een App Store sau Play Store).\u00a0[<a href=\"https:\/\/teams.microsoft.com\/_\">MS Teams<\/a>],\u00a0[<u><a href=\"https:\/\/sway.office.com\/x0lfuD4jSyu6jye5?ref=Link\">Ghid utilizare]<\/a><\/u>.<\/p>\n<p>SUBIECTE Colocviu<\/p>\n<ul>\n<li>grupa 621,721,1011,1111 <a href=\"https:\/\/cadredidactice.ub.ro\/wp-content\/uploads\/sites\/3\/2012\/02\/Subiecte-2016-Varianta-1.pdf\" rel=\"\"> Varianta 1<\/a><\/li>\n<li>grupa 211,411,121,321,821,911 <a href=\"https:\/\/cadredidactice.ub.ro\/wp-content\/uploads\/sites\/3\/2012\/02\/Subiecte-2016-Varianta-2.pdf\" rel=\"\"> Varianta 2<\/a><\/li>\n<\/ul>\n<p>================================================<\/p>\n<p><a href=\"https:\/\/drive.google.com\/open?id=0By3eTroUl3GJVWtyX1VjZGFscDQ\">aplicatii rezolvate<\/a><\/p>\n<p>Informatii legate de colocviu<br \/>\nPentru intrare in colocviu este necesar ca prezenta la laborator sa fie integrala. Nota se calculeaza astfel 30% test grila teoretic si 70% test din subiectele propuse la colocviu.<br \/>\nPentru testul teoretic online (20 min) este necesar sa completati pe adresa <a href=\"http:\/\/quizstar.4teachers.org\/student\/registrs.jsp\" target=\"_blank\" rel=\"nofollow noopener noreferrer\">http:\/\/quizstar.4teachers.org\/student\/registrs.jsp<\/a> nume, prenume, username si parola. Cu username-ul si parola stabilita de dumneavoastra va veti loga pentru examinare in grupa din care faceti parte.<\/p>\n<p>================================================<\/p>\n<p><span style=\"color: #ff0000\">NOU!<\/span> A fost lansata competitia pentru design-ul siglei pentru: 1. INFOGRAFICA \u00a0si 2. <a href=\"http:\/\/www.ub.ro\/inginerie\/structura\/imsi\">Departament IMSI<\/a> . Pentru inscrieri trimiteti e-mail pe adresa ravic@ub.ro cu mentiunea concurs. Termen limita de finalizare 10 mai 2019<\/p>\n<p>De <span style=\"text-decoration: underline;color: #ff0000\"><a style=\"color: #ff0000;text-decoration: underline\" title=\"solid edge student\" href=\"https:\/\/www.plm.automation.siemens.com\/en_us\/academic\/resources\/solid-edge\/student-download.cfm?\">aici<\/a><\/span> studen\u021bii pot downloada gratuit softul Solid Edge Student Edition folosit \u00een aplica\u021biile practice<\/p>\n<p>Resurse alternative<\/p>\n<ul>\n<li>De\u00a0<a style=\"font-family: sans-serif;font-size: medium;font-style: normal;font-variant: normal;line-height: normal\" title=\"autodesk\" href=\"http:\/\/www.autodesk.com\/education\/free-software\/all\">aici<\/a>\u00a0studen\u021bii pot downloada gratuit softurile Autodesk<\/li>\n<li><span style=\"font-family: 'Droid Sans', 'Helvetica Neue', 'Nimbus Sans L', sans-serif;font-size: 15px;line-height: 24.2999992370605px\">De\u00a0<\/span><a style=\"font-style: normal;font-variant: normal;font-family: 'Droid Sans', 'Helvetica Neue', 'Nimbus Sans L', sans-serif;font-size: 15px;line-height: 24.2999992370605px\" title=\"ProEngineering\" href=\"http:\/\/www.ptc.com\/communities\/academic-program\/products\/free-software\">aici<\/a><span style=\"font-family: 'Droid Sans', 'Helvetica Neue', 'Nimbus Sans L', sans-serif;font-size: 15px;line-height: 24.2999992370605px\">\u00a0studen\u021bii pot downloada gratuit softurile PTC Creo<\/span><\/li>\n<li><span style=\"font-family: 'Droid Sans', 'Helvetica Neue', 'Nimbus Sans L', sans-serif;font-size: 15px;line-height: 24.2999992370605px\">De\u00a0<\/span><a style=\"font-family: 'Droid Sans', 'Helvetica Neue', 'Nimbus Sans L', sans-serif;font-size: 15px;line-height: 24.2999992370605px;font-style: normal;font-variant: normal\" title=\"automsim\" href=\"http:\/\/www.iraifrance.com\/#!tlchargement\/cq5q\">aici<\/a><span style=\"font-family: 'Droid Sans', 'Helvetica Neue', 'Nimbus Sans L', sans-serif;font-size: 15px;line-height: 24.2999992370605px\">\u00a0studen\u021bii pot downloada gratuit softul AutomSim<\/span><\/li>\n<li><span style=\"font-family: 'Droid Sans', 'Helvetica Neue', 'Nimbus Sans L', sans-serif;font-size: 15px;line-height: 24.2999992370605px\">De\u00a0<\/span><a style=\"font-family: 'Droid Sans', 'Helvetica Neue', 'Nimbus Sans L', sans-serif;font-size: 15px;line-height: 24.2999992370605px;font-style: normal;font-variant: normal\" title=\"automsim\" href=\"http:\/\/www.solidworks.com\/sw\/education\/SDL_form.html\">aici<\/a><span style=\"font-family: 'Droid Sans', 'Helvetica Neue', 'Nimbus Sans L', sans-serif;font-size: 15px;line-height: 24.2999992370605px\">\u00a0studen\u021bii pot downloada gratuit softul SOLID WORKS<\/span><\/li>\n<li><a href=\"https:\/\/play.google.com\/store\/apps\/details?id=com.siemens.catchbook&amp;rdid=com.siemens.catchbook\">Catchbook<\/a>&#8211; aplicatie desenare android<\/li>\n<li><span style=\"font-family: 'Droid Sans', 'Helvetica Neue', 'Nimbus Sans L', sans-serif;font-size: 15px;line-height: 24.2999992370605px\"><span style=\"color: #ffffff\">(id\u00a094120TRM)<\/span><\/span><\/li>\n<\/ul>\n<h3><strong>Laborator<\/strong><\/h3>\n<ul>\n<li>gr. 1011\/gr. 1111\/gr. 721\/ \/gr. 621 <a href=\"https:\/\/cadredidactice.ub.ro\/wp-content\/uploads\/sites\/3\/2015\/02\/lab.11.pdf\" rel=\"\">lab.1<\/a>, <a href=\"https:\/\/cadredidactice.ub.ro\/wp-content\/uploads\/sites\/3\/2015\/02\/Aplicatie-constructii-grafice.pdf\" rel=\"\">lab_2<\/a>, <a href=\"https:\/\/cadredidactice.ub.ro\/wp-content\/uploads\/sites\/3\/2015\/02\/laboratorul-5-se.pdf\" rel=\"\">lab_3<\/a>, <a href=\"https:\/\/cadredidactice.ub.ro\/wp-content\/uploads\/sites\/3\/2015\/02\/Laboratorul-6.pdf\" rel=\"\">lab_4<\/a>, <a href=\"https:\/\/cadredidactice.ub.ro\/wp-content\/uploads\/sites\/3\/2015\/02\/Laboratorul-3-SE.pdf\" rel=\"\">lab_5<\/a><a href=\"https:\/\/cadredidactice.ub.ro\/wp-content\/uploads\/sites\/3\/2015\/02\/lab.3.pdf\">, <\/a><a href=\"https:\/\/cadredidactice.ub.ro\/wp-content\/uploads\/sites\/3\/2015\/02\/model_lab.9.pdf\" rel=\"\">lab<\/a><a href=\"https:\/\/cadredidactice.ub.ro\/wp-content\/uploads\/sites\/3\/2015\/02\/lab.3.pdf\">_6<\/a><\/li>\n<li>gr. 211\u00a0\/\u00a0gr. 911\u00a0\/gr. 121\/gr. 411gr. 321 \/\u00a0gr. 821 <a href=\"https:\/\/cadredidactice.ub.ro\/wp-content\/uploads\/sites\/3\/2015\/02\/lab.11.pdf\" rel=\"\">lab.1<\/a>,\u00a0<a href=\"https:\/\/cadredidactice.ub.ro\/wp-content\/uploads\/sites\/3\/2015\/02\/Laboratorul-2-SE.pdf\" rel=\"\">lab_2<\/a> , <a href=\"https:\/\/cadredidactice.ub.ro\/wp-content\/uploads\/sites\/3\/2015\/02\/lab.3.pdf\" rel=\"\">lab _3<\/a>, <a href=\"https:\/\/cadredidactice.ub.ro\/wp-content\/uploads\/sites\/3\/2015\/02\/Aplicatie-constructii-grafice.pdf\" rel=\"\">lab_4<\/a>, <a href=\"https:\/\/cadredidactice.ub.ro\/wp-content\/uploads\/sites\/3\/2015\/02\/laboratorul-5-se.pdf\" rel=\"\">lab_5<\/a>, <a href=\"https:\/\/cadredidactice.ub.ro\/wp-content\/uploads\/sites\/3\/2015\/02\/Laboratorul-6.pdf\" rel=\"\">lab_6<\/a>\u00a0<a href=\"https:\/\/cadredidactice.ub.ro\/wp-content\/uploads\/sites\/3\/2012\/02\/lab-6a.pdf\" rel=\"\">lab 6a<\/a>, <a href=\"https:\/\/cadredidactice.ub.ro\/wp-content\/uploads\/sites\/3\/2015\/02\/Laboratorul-3-SE.pdf\" rel=\"\">lab_7<\/a><a href=\"https:\/\/cadredidactice.ub.ro\/wp-content\/uploads\/sites\/3\/2015\/02\/lab.3.pdf\">, <\/a><a href=\"https:\/\/cadredidactice.ub.ro\/wp-content\/uploads\/sites\/3\/2015\/02\/lab4.pdf\" rel=\"\">lab_8<\/a><a href=\"https:\/\/cadredidactice.ub.ro\/wp-content\/uploads\/sites\/3\/2015\/02\/lab.4.pdf\">,<\/a><a href=\"https:\/\/cadredidactice.ub.ro\/wp-content\/uploads\/sites\/3\/2012\/02\/Laborator-9-eval-.pdf\" rel=\"\">lab 9<\/a>, <a href=\"https:\/\/cadredidactice.ub.ro\/wp-content\/uploads\/sites\/3\/2015\/02\/lab-10.pdf\" rel=\"\">lab_10<\/a>,\u00a0 <a href=\"https:\/\/cadredidactice.ub.ro\/wp-content\/uploads\/sites\/3\/2015\/02\/lab._11.pdf\" rel=\"\">lab._11<\/a>,\u00a0 <a href=\"https:\/\/cadredidactice.ub.ro\/wp-content\/uploads\/sites\/3\/2015\/02\/SE-lab-rav-12.pdf\" rel=\"\">lab-12<\/a>,\u00a0<a href=\"https:\/\/cadredidactice.ub.ro\/wp-content\/uploads\/sites\/3\/2015\/02\/SE-lab-rav-13.pdf\" rel=\"\">lab-13<\/a><\/li>\n<\/ul>\n<p>Designul grafic, ca orice activitate ce presupune crea\u0163ie, implic\u0103 subiectivitate, varia\u0163ie \u015fi personalitate. Acela\u015fi mesaj poate fi comunicat \u00een diferite moduri, dar fiecare dintre acestea poate fi eficient de o manier\u0103 diferit\u0103. Toate aspectele crea\u0163iei au un numitor comun care duc la un design eficient; aceste atribute sunt de cele mai multe ori: echilibru, putere, unitate, contrast, dinamicitate \u015fi propor\u0163ie. Fiecare dintre elementele grafice se realizeaz\u0103 individual, plec\u00e2nd de la alegerea formei, a culorii, a texturii, a mesajului din spatele ideii care trebuie transmis\u0103, iar cumulul tuturor elementelor trebuie s\u0103 se reg\u0103seasc\u0103 \u00eentr-un produs final de calitate superioar\u0103.<\/p>\n<p><a href=\"https:\/\/cadredidactice.ub.ro\/wp-content\/uploads\/sites\/3\/2012\/02\/Aplicatii-suplimentare-1.pdf\" rel=\"\">Aplicatii suplimentare<\/a><\/p>\n<p>Lucrari reprezentative studenti<\/p>\n<p><em><strong>Resurse bibliografice<\/strong><\/em><\/p>\n<p><a title=\"acces cu user si parola\" href=\"http:\/\/www.easyclass.com\/sections\/49817\/updates\">Suport curs si lucrari practice<\/a> cod acces 1FW1-3KRX<\/p>\n<p style=\"margin-top: 0pt;margin-bottom: 0pt;text-align: left;vertical-align: baseline\"><span style=\"font-family: Arial;color: black\"><a href=\"http:\/\/www.adacomputers.ro\/\">www.adacomputers.ro<\/a><\/span><\/p>\n<p style=\"margin-top: 0pt;margin-bottom: 0pt;text-align: left;vertical-align: baseline\"><span style=\"font-family: Arial;color: black\"><a href=\"..\/..\/crinelraveica\">http:\/\/cadredidactice.ub.ro\/crinelraveica<\/a><\/span><\/p>\n<p style=\"margin-top: 0pt;margin-bottom: 0pt;text-align: left;vertical-align: baseline\"><span style=\"font-family: Arial;color: black\"><a href=\"http:\/\/learnsolidedge.blogspot.com\/\">http:\/\/learnsolidedge.blogspot.com\/<\/a><\/span><\/p>\n<p style=\"margin-top: 0pt;margin-bottom: 0pt;text-align: left;vertical-align: baseline\"><span style=\"font-family: Arial;color: black\"><a href=\"http:\/\/sites.google.com\/site\/bogdanganea\/laboratoare\/ptac\">http:\/\/sites.google.com\/site\/bogdanganea\/laboratoare\/ptac<\/a><\/span><\/p>\n<p style=\"margin-top: 0pt;margin-bottom: 0pt;text-align: left;vertical-align: baseline\"><a href=\"http:\/\/www.autodesk.com\/education\/student-software\/university\/popular\">http:\/\/www.autodesk.com\/education\/student-software\/university\/popular<\/a><\/p>\n<p><strong>\u00a0<\/strong><\/p>\n","protected":false},"excerpt":{"rendered":"<p>Modul instruire Siemens Solid Edge (facebook group) &#8222;Dac\u0103 ai planuri pe 1 an, seaman\u0103 orez, dac\u0103 ai planuri pe 10 ani, planteaz\u0103 copaci, dac\u0103 ai planuri pe toat\u0103 durata vie\u021bii, educ\u0103 oameni\u201dun vechi proverb chinezesc Dat\u0103 fiind decizia Ministerului invatamantului de suspendare a activitatii didactice am deschis Platforma de instruire online Suport curs si lucrari [&hellip;]<\/p>\n","protected":false},"author":3,"featured_media":0,"parent":0,"menu_order":0,"comment_status":"closed","ping_status":"closed","template":"","meta":{"footnotes":""},"class_list":["post-563","page","type-page","status-publish","hentry"],"_links":{"self":[{"href":"https:\/\/cadredidactice.ub.ro\/crinelraveica\/wp-json\/wp\/v2\/pages\/563","targetHints":{"allow":["GET"]}}],"collection":[{"href":"https:\/\/cadredidactice.ub.ro\/crinelraveica\/wp-json\/wp\/v2\/pages"}],"about":[{"href":"https:\/\/cadredidactice.ub.ro\/crinelraveica\/wp-json\/wp\/v2\/types\/page"}],"author":[{"embeddable":true,"href":"https:\/\/cadredidactice.ub.ro\/crinelraveica\/wp-json\/wp\/v2\/users\/3"}],"replies":[{"embeddable":true,"href":"https:\/\/cadredidactice.ub.ro\/crinelraveica\/wp-json\/wp\/v2\/comments?post=563"}],"version-history":[{"count":44,"href":"https:\/\/cadredidactice.ub.ro\/crinelraveica\/wp-json\/wp\/v2\/pages\/563\/revisions"}],"predecessor-version":[{"id":2550,"href":"https:\/\/cadredidactice.ub.ro\/crinelraveica\/wp-json\/wp\/v2\/pages\/563\/revisions\/2550"}],"wp:attachment":[{"href":"https:\/\/cadredidactice.ub.ro\/crinelraveica\/wp-json\/wp\/v2\/media?parent=563"}],"curies":[{"name":"wp","href":"https:\/\/api.w.org\/{rel}","templated":true}]}}