{"id":14,"date":"2011-03-05T14:32:11","date_gmt":"2011-03-05T12:32:11","guid":{"rendered":"http:\/\/cadredidactice.ub.ro\/cojocariumihaela\/?page_id=14"},"modified":"2011-03-12T00:24:49","modified_gmt":"2011-03-11T22:24:49","slug":"anunturi-studenti","status":"publish","type":"page","link":"https:\/\/cadredidactice.ub.ro\/cojocariumihaela\/anunturi-studenti\/","title":{"rendered":"anunturi studenti"},"content":{"rendered":"<p><!--[if gte mso 9]&gt;    &lt;![endif]--><!--[if gte mso 9]&gt;  Normal 0     false false false  EN-US X-NONE X-NONE                         &lt;![endif]--><!--[if gte mso 9]&gt;                                                                                                                                            &lt;![endif]--><!--[if gte mso 10]&gt;--><\/p>\n<p class=\"MsoNormal\" style=\"margin-left: 0.25in\"><strong><span lang=\"PT-BR\"> <\/span><\/strong><\/p>\n<p class=\"MsoNormal\" style=\"margin-left: 0.5in\"><strong><span style=\"font-size: 14pt\" lang=\"PT-BR\"><span>1.<span style=\"font: 7pt &quot;Times New Roman&amp;quot&amp;quot&amp;quot&amp;quot&amp;quot&#038;quot\"> <\/span><\/span><\/span><\/strong><strong><span style=\"font-size: 14pt\" lang=\"PT-BR\">orar semestrul II, an universitar 2010-2011<\/span><\/strong><span lang=\"RO\"><\/span><\/p>\n<p class=\"MsoNormal\" style=\"margin-left: 0.5in\"><span lang=\"RO\"><span>&#8211;<span style=\"font: 7pt &quot;Times New Roman&amp;quot&amp;quot&amp;quot&amp;quot&amp;quot&#038;quot\"> <\/span><\/span><\/span><strong><span lang=\"IT\">ma<\/span><\/strong><strong><span lang=\"RO\">r\u0163i<\/span><\/strong><span lang=\"RO\">: <\/span><\/p>\n<ul>\n<li><span lang=\"RO\">12-14, curs Pedagogie I, sala 317, EFS \u015fi kinetoterapie, an I<\/span><\/li>\n<li><span lang=\"RO\">14-16, curs Comunicare \u015fi integrare prin activit\u0103\u0163i specifice, sala 317, EFS<\/span><\/li>\n<li><span lang=\"RO\">\u015fi kinetoterapie, an II (o dat\u0103 la dou\u0103 s\u0103pt\u0103m\u00e2ni, s\u0103pt\u0103m\u00e2na par\u0103)<\/span><\/li>\n<li><span lang=\"RO\">16-18, curs Teoria \u015fi metodologia curriculum-ului, sala 215, PIPP, an I<\/span><\/li>\n<li><span lang=\"RO\">18-20, curs Pedag. \u00eenv. primar \u015fi pre\u015fcolar, sala 215, PIPP, an I<\/span><\/li>\n<\/ul>\n<p class=\"MsoNormal\" style=\"margin-left: 0.5in\"><span lang=\"RO\"><span>&#8211;<span style=\"font: 7pt &quot;Times New Roman&amp;quot&amp;quot&amp;quot&amp;quot&amp;quot&#038;quot\"> <\/span><\/span><\/span><strong><span lang=\"RO\">joi: <\/span><\/strong><\/p>\n<ul>\n<li><strong><span lang=\"RO\">14-16, <\/span><\/strong><span lang=\"RO\">curs Pedagogie I, sala 225, \u015etiin\u0163e \u015fi \u015etiin\u0163e Economice, an I<\/span><\/li>\n<\/ul>\n<p class=\"MsoNormal\"><strong><span lang=\"RO\"><span> <\/span><\/span><\/strong><\/p>\n<p class=\"MsoNormal\"><strong><span lang=\"RO\"> <\/span><\/strong><\/p>\n<p class=\"MsoNormal\"><strong><span lang=\"RO\"> <\/span><\/strong><\/p>\n<p class=\"MsoNormal\" style=\"margin-left: 0.5in\"><strong><span style=\"font-size: 14pt\" lang=\"RO\"><span>2.<span style=\"font: 7pt &quot;Times New Roman&amp;quot&amp;quot&amp;quot&amp;quot&amp;quot&#038;quot\"> <\/span><\/span><\/span><\/strong><strong><span style=\"font-size: 14pt\" lang=\"RO\">Consulta\u0163ii<\/span><\/strong><\/p>\n<p class=\"MsoNormal\" style=\"margin-left: 0.25in\"><strong><span style=\"font-size: 14pt\" lang=\"RO\"> &#8211; <\/span><\/strong><strong><span lang=\"IT\">ma<\/span><\/strong><strong><span lang=\"RO\">r\u0163i<\/span><\/strong><span lang=\"RO\">: <\/span><\/p>\n<ul>\n<li><span lang=\"RO\">10 -12, sala 116, etaj I, corp D<\/span><\/li>\n<li><span lang=\"RO\">14 -16, sala 116, etaj I, corp D (o dat\u0103 la dou\u0103 s\u0103pt\u0103m\u00e2ni, s\u0103pt\u0103m\u00e2na impar\u0103)<\/span><\/li>\n<\/ul>\n<p class=\"MsoNormal\" style=\"margin-left: 0.25in;text-align: justify\"><strong><span lang=\"RO\">&#8211; joi: <span> <\/span><\/span><\/strong><\/p>\n<ul>\n<li><span lang=\"RO\">10 -11, sala 116, etaj I, corp D<\/span><\/li>\n<li><strong><span lang=\"RO\"><span> <\/span><span> <\/span><\/span><\/strong><span lang=\"RO\">16 \u2013 18, sala 116, etaj I, corp D<\/span><\/li>\n<\/ul>\n","protected":false},"excerpt":{"rendered":"<p>1. orar semestrul II, an universitar 2010-2011 &#8211; mar\u0163i: 12-14, curs Pedagogie I, sala 317, EFS \u015fi kinetoterapie, an I 14-16, curs Comunicare \u015fi integrare prin activit\u0103\u0163i specifice, sala 317, EFS \u015fi kinetoterapie, an II (o dat\u0103 la dou\u0103 s\u0103pt\u0103m\u00e2ni, &hellip;<\/p>\n<p class=\"read-more\"><a href=\"https:\/\/cadredidactice.ub.ro\/cojocariumihaela\/anunturi-studenti\/\">Continue reading<\/a><\/p>\n","protected":false},"author":116,"featured_media":0,"parent":0,"menu_order":0,"comment_status":"closed","ping_status":"closed","template":"","meta":{"footnotes":""},"class_list":["post-14","page","type-page","status-publish","hentry"],"_links":{"self":[{"href":"https:\/\/cadredidactice.ub.ro\/cojocariumihaela\/wp-json\/wp\/v2\/pages\/14","targetHints":{"allow":["GET"]}}],"collection":[{"href":"https:\/\/cadredidactice.ub.ro\/cojocariumihaela\/wp-json\/wp\/v2\/pages"}],"about":[{"href":"https:\/\/cadredidactice.ub.ro\/cojocariumihaela\/wp-json\/wp\/v2\/types\/page"}],"author":[{"embeddable":true,"href":"https:\/\/cadredidactice.ub.ro\/cojocariumihaela\/wp-json\/wp\/v2\/users\/116"}],"replies":[{"embeddable":true,"href":"https:\/\/cadredidactice.ub.ro\/cojocariumihaela\/wp-json\/wp\/v2\/comments?post=14"}],"version-history":[{"count":0,"href":"https:\/\/cadredidactice.ub.ro\/cojocariumihaela\/wp-json\/wp\/v2\/pages\/14\/revisions"}],"wp:attachment":[{"href":"https:\/\/cadredidactice.ub.ro\/cojocariumihaela\/wp-json\/wp\/v2\/media?parent=14"}],"curies":[{"name":"wp","href":"https:\/\/api.w.org\/{rel}","templated":true}]}}