{"id":10,"date":"2011-03-29T11:54:47","date_gmt":"2011-03-29T09:54:47","guid":{"rendered":"http:\/\/cadredidactice.ub.ro\/bontaelena\/?page_id=10"},"modified":"2011-03-29T11:55:13","modified_gmt":"2011-03-29T09:55:13","slug":"documente","status":"publish","type":"page","link":"https:\/\/cadredidactice.ub.ro\/bontaelena\/documente\/","title":{"rendered":"Documente"},"content":{"rendered":"<div class=\"postContent\">\n<div class=\"postContent\">\n<div class=\"postContent\">\n<ul>\n<li>\n<h3><strong>Cursuri:<\/strong><\/h3>\n<\/li>\n<\/ul>\n<p style=\"padding-left: 60px\"><strong>&#8211; <\/strong><\/p>\n<p style=\"padding-left: 60px\"><strong>&#8211;<\/strong><\/p>\n<ul>\n<li>\n<h3><strong>Teme Licen\u0163e:<\/strong><\/h3>\n<\/li>\n<\/ul>\n<p style=\"padding-left: 60px\"><strong>&#8211; <\/strong><\/p>\n<p style=\"padding-left: 60px\"><strong>&#8211; <\/strong><\/p>\n<ul>\n<li>\n<h3><strong>L<\/strong><strong>ucr\u0103ri \u015ftiin\u0163ifice<\/strong><strong>:<\/strong><strong><\/strong><\/h3>\n<\/li>\n<\/ul>\n<p style=\"padding-left: 60px\">&#8211;<\/p>\n<p style=\"padding-left: 60px\"><strong>&#8211;<\/strong><\/p>\n<\/div>\n<\/div>\n<p class=\"comments\">\n<\/div>\n","protected":false},"excerpt":{"rendered":"<p>Cursuri: &#8211; &#8211; Teme Licen\u0163e: &#8211; &#8211; Lucr\u0103ri \u015ftiin\u0163ifice: &#8211; &#8211;<\/p>\n","protected":false},"author":217,"featured_media":0,"parent":0,"menu_order":0,"comment_status":"open","ping_status":"open","template":"","meta":{"footnotes":""},"class_list":["post-10","page","type-page","status-publish","hentry"],"_links":{"self":[{"href":"https:\/\/cadredidactice.ub.ro\/bontaelena\/wp-json\/wp\/v2\/pages\/10","targetHints":{"allow":["GET"]}}],"collection":[{"href":"https:\/\/cadredidactice.ub.ro\/bontaelena\/wp-json\/wp\/v2\/pages"}],"about":[{"href":"https:\/\/cadredidactice.ub.ro\/bontaelena\/wp-json\/wp\/v2\/types\/page"}],"author":[{"embeddable":true,"href":"https:\/\/cadredidactice.ub.ro\/bontaelena\/wp-json\/wp\/v2\/users\/217"}],"replies":[{"embeddable":true,"href":"https:\/\/cadredidactice.ub.ro\/bontaelena\/wp-json\/wp\/v2\/comments?post=10"}],"version-history":[{"count":0,"href":"https:\/\/cadredidactice.ub.ro\/bontaelena\/wp-json\/wp\/v2\/pages\/10\/revisions"}],"wp:attachment":[{"href":"https:\/\/cadredidactice.ub.ro\/bontaelena\/wp-json\/wp\/v2\/media?parent=10"}],"curies":[{"name":"wp","href":"https:\/\/api.w.org\/{rel}","templated":true}]}}