{"id":51,"date":"2011-02-22T11:47:01","date_gmt":"2011-02-22T09:47:01","guid":{"rendered":"http:\/\/cadredidactice.ub.ro\/balintgheorghe\/?page_id=51"},"modified":"2023-03-06T09:27:44","modified_gmt":"2023-03-06T07:27:44","slug":"cursuri-pentru-studenti","status":"publish","type":"page","link":"https:\/\/cadredidactice.ub.ro\/balintgheorghe\/cursuri-pentru-studenti\/","title":{"rendered":"Cursuri pentru studen\u0163i"},"content":{"rendered":"<h2 style=\"text-align: center\"><span style=\"color: #0000ff\">Bazele teoretice si metodice ale predarii schiului<\/span><\/h2>\n<p><a href=\"https:\/\/cadredidactice.ub.ro\/wp-content\/uploads\/sites\/66\/2011\/03\/bazele-teoretice-si-metodice-ale-predarii-schiului.jpg\"><img loading=\"lazy\" decoding=\"async\" class=\"alignnone size-medium wp-image-184\" src=\"https:\/\/cadredidactice.ub.ro\/wp-content\/uploads\/sites\/66\/2011\/03\/bazele-teoretice-si-metodice-ale-predarii-schiului.jpg\" alt=\"\" width=\"209\" height=\"299\" \/><\/a> <a href=\"https:\/\/cadredidactice.ub.ro\/wp-content\/uploads\/sites\/66\/2011\/03\/bazele-teoretice-si-metodice-ale-predarii-schiului-2.jpg\"><img loading=\"lazy\" decoding=\"async\" class=\"alignnone size-medium wp-image-185\" src=\"https:\/\/cadredidactice.ub.ro\/wp-content\/uploads\/sites\/66\/2011\/03\/bazele-teoretice-si-metodice-ale-predarii-schiului-2.jpg\" alt=\"\" width=\"209\" height=\"296\" \/><\/a><\/p>\n<h2 style=\"text-align: center\"><\/h2>\n<h2 style=\"text-align: center\"><span style=\"color: #0000ff\">Bazele generale ale fotbalului<\/span><\/h2>\n<p><a href=\"https:\/\/cadredidactice.ub.ro\/wp-content\/uploads\/sites\/66\/2011\/03\/bazele-generale-ale-fotbalului.jpg\"><img loading=\"lazy\" decoding=\"async\" class=\"alignnone size-medium wp-image-189\" src=\"https:\/\/cadredidactice.ub.ro\/wp-content\/uploads\/sites\/66\/2011\/03\/bazele-generale-ale-fotbalului.jpg\" alt=\"\" width=\"209\" height=\"299\" \/><\/a> <a href=\"https:\/\/cadredidactice.ub.ro\/wp-content\/uploads\/sites\/66\/2011\/03\/bazele-generale-ale-fotbalului-2.jpg\"><img loading=\"lazy\" decoding=\"async\" class=\"alignnone size-medium wp-image-190\" src=\"https:\/\/cadredidactice.ub.ro\/wp-content\/uploads\/sites\/66\/2011\/03\/bazele-generale-ale-fotbalului-2.jpg\" alt=\"\" width=\"209\" height=\"297\" \/><\/a><\/p>\n<h2><\/h2>\n<h2 style=\"text-align: center\"><span style=\"color: #0000ff\">Metodica predarii fotbalului in gimnaziu<\/span><\/h2>\n<p><a href=\"https:\/\/cadredidactice.ub.ro\/wp-content\/uploads\/sites\/66\/2011\/03\/metodica-predarii-fotbalului-in-gimnaziu.jpg\"><img loading=\"lazy\" decoding=\"async\" class=\"size-medium wp-image-187 alignleft\" src=\"https:\/\/cadredidactice.ub.ro\/wp-content\/uploads\/sites\/66\/2011\/03\/metodica-predarii-fotbalului-in-gimnaziu.jpg\" alt=\"\" width=\"209\" height=\"297\" \/><\/a> <a href=\"https:\/\/cadredidactice.ub.ro\/wp-content\/uploads\/sites\/66\/2011\/03\/metodica-predarii-fotbalului-in-gimnaziu-2.jpg\"><img loading=\"lazy\" decoding=\"async\" class=\"alignnone size-medium wp-image-188\" src=\"https:\/\/cadredidactice.ub.ro\/wp-content\/uploads\/sites\/66\/2011\/03\/metodica-predarii-fotbalului-in-gimnaziu-2.jpg\" alt=\"\" width=\"209\" height=\"298\" \/><\/a><\/p>\n<h2 style=\"text-align: center\"><span style=\"color: #0000ff\">Practic\u0103 \u00een sporturi de iarn\u0103 (schi-sanie)<\/span><\/h2>\n<h2 style=\"text-align: center\"><span style=\"color: #0000ff\">&#8211; \u00eendrumar de lucr\u0103ri practice &#8211;<\/span><\/h2>\n<p style=\"text-align: center\"><a href=\"https:\/\/cadredidactice.ub.ro\/wp-content\/uploads\/sites\/66\/2011\/03\/indrumar-schi.jpg\"><img loading=\"lazy\" decoding=\"async\" class=\"alignnone size-medium wp-image-215\" src=\"https:\/\/cadredidactice.ub.ro\/wp-content\/uploads\/sites\/66\/2011\/03\/indrumar-schi.jpg\" alt=\"\" width=\"209\" height=\"300\" \/><\/a><\/p>\n<h2 style=\"text-align: center\"><a href=\"https:\/\/cadredidactice.ub.ro\/wp-content\/uploads\/sites\/66\/2011\/03\/indrumar-aplicatii-in-sporturi-de-iarma.pdf\">Descarc\u0103 liber<\/a><\/h2>\n<h2 style=\"text-align: center\"><span style=\"color: #0000ff\">Aplica\u0163ii \u00een discipline sportive de iarn\u0103 I (stagiu de practic\u0103 \u00een tabere de preg\u0103tire) \u2013 LP<\/span><\/h2>\n<h2 style=\"text-align: center\"><span style=\"color: #0000ff\">GHID METODIC PENTRU CADRE DIDACTICE<\/span><\/h2>\n<p style=\"text-align: center\"><a href=\"https:\/\/cadredidactice.ub.ro\/wp-content\/uploads\/sites\/66\/2011\/03\/ghid-metodic-an-i1.jpg\"><img loading=\"lazy\" decoding=\"async\" class=\"alignnone size-medium wp-image-228\" src=\"https:\/\/cadredidactice.ub.ro\/wp-content\/uploads\/sites\/66\/2011\/03\/ghid-metodic-an-i1.jpg\" alt=\"\" width=\"209\" height=\"292\" \/><\/a><\/p>\n<h2 style=\"text-align: center\"><a href=\"https:\/\/cadredidactice.ub.ro\/wp-content\/uploads\/sites\/66\/2011\/03\/ghid-metodic-schi-an-i-2011.pdf\">Descarc\u0103 liber<\/a><\/h2>\n<h2 style=\"text-align: center\"><span style=\"color: #0000ff\">Aplica\u0163ii \u00een discipline sportive de iarn\u0103 II (stagiu de practic\u0103 \u00een tabere de preg\u0103tire) \u2013 LP<\/span><\/h2>\n<h2 style=\"text-align: center\"><span style=\"color: #0000ff\">GHID METODIC PENTRU CADRE DIDACTICE<\/span><\/h2>\n<p style=\"text-align: center\"><a href=\"https:\/\/cadredidactice.ub.ro\/wp-content\/uploads\/sites\/66\/2011\/03\/ghid-metodic-an-ii.jpg\"><img loading=\"lazy\" decoding=\"async\" class=\"alignnone size-medium wp-image-225\" src=\"https:\/\/cadredidactice.ub.ro\/wp-content\/uploads\/sites\/66\/2011\/03\/ghid-metodic-an-ii.jpg\" alt=\"\" width=\"209\" height=\"293\" \/><\/a><\/p>\n<h2 style=\"text-align: center\"><a href=\"https:\/\/cadredidactice.ub.ro\/wp-content\/uploads\/sites\/66\/2011\/03\/ghid_metodic_schi_an_ii-2011.pdf\">Descarc\u0103 liber<\/a><\/h2>\n<h2 style=\"text-align: center\"><span style=\"color: #0000ff\">Reguli de conduit\u0103 ale schiorului pe o p\u00e2rtie de schi<\/span><\/h2>\n<p style=\"text-align: center\"><a href=\"https:\/\/cadredidactice.ub.ro\/wp-content\/uploads\/sites\/66\/2011\/03\/reguli-fis.jpg\"><img loading=\"lazy\" decoding=\"async\" class=\"alignnone size-medium wp-image-220\" src=\"https:\/\/cadredidactice.ub.ro\/wp-content\/uploads\/sites\/66\/2011\/03\/reguli-fis-300x77.jpg\" alt=\"\" width=\"300\" height=\"77\" \/><\/a><\/p>\n<h2 style=\"text-align: center\"><a href=\"https:\/\/cadredidactice.ub.ro\/wp-content\/uploads\/sites\/66\/2011\/03\/reguli-de-conduita-ale-schiorului.pdf\">Descarc\u0103 liber<\/a><\/h2>\n<h2 style=\"text-align: center\"><span style=\"color: #0000ff\">Teoria \u015fi practica sporturilor de iarn\u0103 \u015fi aplica\u0163ii \u00een discipline sportive de iarn\u0103 (\u00een tabere de preg\u0103tire) <\/span><\/h2>\n<h2 style=\"text-align: center\"><span style=\"color: #0000ff\">\u00cendrumar de lucr\u0103ri practice pentru studen\u0163ii de la \u00eenv\u0103\u0163\u0103m\u00e2nt cu frecven\u0163\u0103 \u015fi f\u0103r\u0103 frecven\u0163\u0103.<\/span><\/h2>\n<p style=\"text-align: center\"><a href=\"https:\/\/cadredidactice.ub.ro\/wp-content\/uploads\/sites\/66\/2013\/03\/coperta-1-indrumar.jpg\"><img loading=\"lazy\" decoding=\"async\" class=\"aligncenter size-medium wp-image-366\" src=\"https:\/\/cadredidactice.ub.ro\/wp-content\/uploads\/sites\/66\/2013\/03\/coperta-1-indrumar-225x300.jpg\" alt=\"\" width=\"225\" height=\"300\" \/><\/a><\/p>\n<h2 style=\"text-align: center\"><a href=\"https:\/\/cadredidactice.ub.ro\/wp-content\/uploads\/sites\/66\/2011\/03\/reguli-de-conduita-ale-schiorului.pdf\" target=\"_blank\" rel=\"noopener noreferrer\">Descarc\u0103<\/a>\u00a0<a href=\"https:\/\/cadredidactice.ub.ro\/wp-content\/uploads\/sites\/66\/2013\/03\/indrumar-de-lucrari-practice-schi-sanie-2013-final.pdf\">indrumar-de-lucrari-practice-schi-sanie-2013-final<\/a><a href=\"https:\/\/cadredidactice.ub.ro\/wp-content\/uploads\/sites\/66\/2011\/03\/reguli-de-conduita-ale-schiorului.pdf\" target=\"_blank\" rel=\"noopener noreferrer\"> liber<\/a><\/h2>\n<p style=\"text-align: center\">\n","protected":false},"excerpt":{"rendered":"<p>Bazele teoretice si metodice ale predarii schiului Bazele generale ale fotbalului Metodica predarii fotbalului in gimnaziu Practic\u0103 \u00een sporturi de iarn\u0103 (schi-sanie) &#8211; \u00eendrumar de lucr\u0103ri practice &#8211; Descarc\u0103 liber Aplica\u0163ii \u00een discipline sportive de iarn\u0103 I (stagiu de practic\u0103 &hellip;<\/p>\n<p class=\"read-more\"><a href=\"https:\/\/cadredidactice.ub.ro\/balintgheorghe\/cursuri-pentru-studenti\/\">Continue reading<\/a><\/p>\n","protected":false},"author":59,"featured_media":0,"parent":0,"menu_order":3,"comment_status":"closed","ping_status":"closed","template":"","meta":{"footnotes":""},"class_list":["post-51","page","type-page","status-publish","hentry"],"_links":{"self":[{"href":"https:\/\/cadredidactice.ub.ro\/balintgheorghe\/wp-json\/wp\/v2\/pages\/51","targetHints":{"allow":["GET"]}}],"collection":[{"href":"https:\/\/cadredidactice.ub.ro\/balintgheorghe\/wp-json\/wp\/v2\/pages"}],"about":[{"href":"https:\/\/cadredidactice.ub.ro\/balintgheorghe\/wp-json\/wp\/v2\/types\/page"}],"author":[{"embeddable":true,"href":"https:\/\/cadredidactice.ub.ro\/balintgheorghe\/wp-json\/wp\/v2\/users\/59"}],"replies":[{"embeddable":true,"href":"https:\/\/cadredidactice.ub.ro\/balintgheorghe\/wp-json\/wp\/v2\/comments?post=51"}],"version-history":[{"count":3,"href":"https:\/\/cadredidactice.ub.ro\/balintgheorghe\/wp-json\/wp\/v2\/pages\/51\/revisions"}],"predecessor-version":[{"id":538,"href":"https:\/\/cadredidactice.ub.ro\/balintgheorghe\/wp-json\/wp\/v2\/pages\/51\/revisions\/538"}],"wp:attachment":[{"href":"https:\/\/cadredidactice.ub.ro\/balintgheorghe\/wp-json\/wp\/v2\/media?parent=51"}],"curies":[{"name":"wp","href":"https:\/\/api.w.org\/{rel}","templated":true}]}}