{"id":8,"date":"2020-02-28T09:00:33","date_gmt":"2020-02-28T07:00:33","guid":{"rendered":"http:\/\/cadredidactice.ub.ro\/ardeleanuroxana\/?page_id=8"},"modified":"2020-02-28T09:42:35","modified_gmt":"2020-02-28T07:42:35","slug":"teme-de-licenta","status":"publish","type":"page","link":"https:\/\/cadredidactice.ub.ro\/ardeleanuroxana\/teme-de-licenta\/","title":{"rendered":"Teme de licen\u021b\u0103"},"content":{"rendered":"\n<h2 class=\"wp-block-heading\"><\/h2>\n\n\n<p><em><strong>Teme de licen\u021b\u0103 pentru anul universitar 2019-2020<\/strong><\/em><\/p>\n<ul>\n<li><em>Programul de studii MATEMATIC\u0102<\/em><\/li>\n<\/ul>\n<ol>\n<li>Aplica\u021bii ale transformatei Laplace in rezolvarea ecua\u021biilor diferen\u021biale si a sistemelor de ecua\u021bii diferen\u021biale<\/li>\n<li>Aplica\u021bii in geometrie ale integralelor multiple<\/li>\n<li>Probleme de extrem. Aplica\u0163ii.<\/li>\n<\/ol>\n<ul>\n<li><em>Programul de studii P.I.P.P.<\/em><\/li>\n<\/ul>\n<ol>\n<li>Aspecte metodice privind \u00eenv\u0103\u021barea opera\u021biilor cu numere naturale \u00een \u00eenv\u0103\u021b\u0103m\u00e2ntul primar\u00a0<\/li>\n<\/ol>\n\n\n<h2 class=\"wp-block-heading\"><\/h2>\n","protected":false},"excerpt":{"rendered":"<p>Teme de licen\u021b\u0103 pentru anul universitar 2019-2020 Programul de studii MATEMATIC\u0102 Aplica\u021bii ale transformatei Laplace in rezolvarea ecua\u021biilor diferen\u021biale si a sistemelor de ecua\u021bii diferen\u021biale Aplica\u021bii in geometrie ale integralelor multiple Probleme de extrem. Aplica\u0163ii. Programul de studii P.I.P.P. Aspecte &hellip;<\/p>\n<p class=\"read-more\"><a href=\"https:\/\/cadredidactice.ub.ro\/ardeleanuroxana\/teme-de-licenta\/\">Continue reading<\/a><\/p>\n","protected":false},"author":180,"featured_media":0,"parent":0,"menu_order":0,"comment_status":"open","ping_status":"open","template":"","meta":{"footnotes":""},"class_list":["post-8","page","type-page","status-publish","hentry"],"_links":{"self":[{"href":"https:\/\/cadredidactice.ub.ro\/ardeleanuroxana\/wp-json\/wp\/v2\/pages\/8","targetHints":{"allow":["GET"]}}],"collection":[{"href":"https:\/\/cadredidactice.ub.ro\/ardeleanuroxana\/wp-json\/wp\/v2\/pages"}],"about":[{"href":"https:\/\/cadredidactice.ub.ro\/ardeleanuroxana\/wp-json\/wp\/v2\/types\/page"}],"author":[{"embeddable":true,"href":"https:\/\/cadredidactice.ub.ro\/ardeleanuroxana\/wp-json\/wp\/v2\/users\/180"}],"replies":[{"embeddable":true,"href":"https:\/\/cadredidactice.ub.ro\/ardeleanuroxana\/wp-json\/wp\/v2\/comments?post=8"}],"version-history":[{"count":3,"href":"https:\/\/cadredidactice.ub.ro\/ardeleanuroxana\/wp-json\/wp\/v2\/pages\/8\/revisions"}],"predecessor-version":[{"id":48,"href":"https:\/\/cadredidactice.ub.ro\/ardeleanuroxana\/wp-json\/wp\/v2\/pages\/8\/revisions\/48"}],"wp:attachment":[{"href":"https:\/\/cadredidactice.ub.ro\/ardeleanuroxana\/wp-json\/wp\/v2\/media?parent=8"}],"curies":[{"name":"wp","href":"https:\/\/api.w.org\/{rel}","templated":true}]}}